{"id":40288,"date":"2022-06-30T15:47:04","date_gmt":"2022-06-30T14:47:04","guid":{"rendered":"https:\/\/www.madriu-perafita-claror.ad\/?post_type=mec-events&#038;p=40288"},"modified":"2022-06-30T15:47:04","modified_gmt":"2022-06-30T14:47:04","slug":"salida-el-impacto-de-las-obras-fhasa-en-el-paisaje-cultural-de-la-vall-del-madriu-perafita-claror","status":"publish","type":"mec-events","link":"https:\/\/www.madriu-perafita-claror.ad\/es\/activitats\/salida-el-impacto-de-las-obras-fhasa-en-el-paisaje-cultural-de-la-vall-del-madriu-perafita-claror\/","title":{"rendered":"Salida: \u201cEl impacto de las obras FHASA en el paisaje cultural de la Vall del Madriu-Perafita-Claror\u201d"},"content":{"rendered":"<p>Actividad organizada con la colaboraci\u00f3n de FEDA que sirve para conocer en qu\u00e9 consistieron las obras de FHASA iniciadas en el Valle en 1929. Para todos los p\u00fablicos*.<\/p>\n","protected":false},"excerpt":{"rendered":"<p>Actividad organizada con la colaboraci\u00f3n de FEDA que sirve para conocer en qu\u00e9 consistieron las obras de FHASA iniciadas en&#8230;<\/p>\n","protected":false},"author":2,"featured_media":40345,"comment_status":"closed","ping_status":"closed","template":"","tags":[],"mec_category":[521],"class_list":{"0":"post-40288","1":"mec-events","2":"type-mec-events","3":"status-publish","4":"has-post-thumbnail","6":"mec_category-sortides-es"},"acf":[],"_links":{"self":[{"href":"https:\/\/www.madriu-perafita-claror.ad\/es\/wp-json\/wp\/v2\/mec-events\/40288","targetHints":{"allow":["GET"]}}],"collection":[{"href":"https:\/\/www.madriu-perafita-claror.ad\/es\/wp-json\/wp\/v2\/mec-events"}],"about":[{"href":"https:\/\/www.madriu-perafita-claror.ad\/es\/wp-json\/wp\/v2\/types\/mec-events"}],"author":[{"embeddable":true,"href":"https:\/\/www.madriu-perafita-claror.ad\/es\/wp-json\/wp\/v2\/users\/2"}],"replies":[{"embeddable":true,"href":"https:\/\/www.madriu-perafita-claror.ad\/es\/wp-json\/wp\/v2\/comments?post=40288"}],"wp:featuredmedia":[{"embeddable":true,"href":"https:\/\/www.madriu-perafita-claror.ad\/es\/wp-json\/wp\/v2\/media\/40345"}],"wp:attachment":[{"href":"https:\/\/www.madriu-perafita-claror.ad\/es\/wp-json\/wp\/v2\/media?parent=40288"}],"wp:term":[{"taxonomy":"post_tag","embeddable":true,"href":"https:\/\/www.madriu-perafita-claror.ad\/es\/wp-json\/wp\/v2\/tags?post=40288"},{"taxonomy":"mec_category","embeddable":true,"href":"https:\/\/www.madriu-perafita-claror.ad\/es\/wp-json\/wp\/v2\/mec_category?post=40288"}],"curies":[{"name":"wp","href":"https:\/\/api.w.org\/{rel}","templated":true}]}}

<p>Actividad organizada con la colaboración de FEDA que sirve para conocer en qué consistieron las obras de FHASA iniciadas en el Valle en 1929. Para todos los públicos*.</p>

<p>Actividad organizada con la colaboración de FEDA que sirve para conocer en qué consistieron las obras de FHASA iniciadas en&#8230;</p>
