{"id":35142,"date":"2019-04-08T18:32:07","date_gmt":"2019-04-08T17:32:07","guid":{"rendered":"https:\/\/www.madriu-perafita-claror.ad\/itinerari-09"},"modified":"2024-02-26T10:57:20","modified_gmt":"2024-02-26T10:57:20","slug":"itinerario-09","status":"publish","type":"page","link":"https:\/\/www.madriu-perafita-claror.ad\/es\/itinerario-09\/","title":{"rendered":"Itinerario 09"},"content":{"rendered":"<div class=\"wpb-content-wrapper\"><p>[vc_row][vc_column][vc_column_text]<\/p>\n<h3 style=\"text-align: left;\"><img class=\"alignnone wp-image-31556 size-full\" src=\"https:\/\/www.madriu-perafita-claror.ad\/wp-content\/uploads\/2019\/06\/Itinerari-9.jpg\" alt=\"\" width=\"1500\" height=\"480\" \/><\/h3>\n<h3 style=\"text-align: left;\">ITINERARIO 9: La Rabassa &#8211; Claror &#8211; Perafita &#8211; La Plana (traves\u00eda: har\u00e1n falta 2 veh\u00edculos)<\/h3>\n<p>[\/vc_column_text][\/vc_column][\/vc_row][vc_row][vc_column width=\u00bb1\/2&#8243;][vc_column_text]<\/p>\n<h3 style=\"text-align: left;\"><img class=\"aligncenter size-full wp-image-6607\" src=\"https:\/\/www.madriu-perafita-claror.ad\/wp-content\/uploads\/Perfil-itinerari-9.jpg\" alt=\"\" width=\"669\" height=\"354\" \/><\/h3>\n<p>[\/vc_column_text][\/vc_column][vc_column width=\u00bb1\/2&#8243;][vc_column_text]<img class=\"aligncenter size-full wp-image-8468\" src=\"https:\/\/www.madriu-perafita-claror.ad\/wp-content\/uploads\/Itinerari-9-Wikiloc.jpg\" alt=\"\" width=\"848\" height=\"450\" \/><\/p>\n<p><a href=\"https:\/\/es.wikiloc.com\/rutas-senderismo\/la-rabassa-claror-perafita-la-plana-travessa-faran-falta-dos-vehicles-23419670\">Aqu\u00ed encontrar\u00e1 el trazado aproximado, no es exacto, nada m\u00e1s es para dar una idea de la ruta<\/a>[\/vc_column_text][\/vc_column][\/vc_row][vc_row][vc_column][vc_column_text]<\/p>\n<h5 style=\"text-align: left;\">Dificuldad: II \/ DESNIVEL: 1.405 M<\/h5>\n<p>Recorrido completo y bien se\u00f1alizado, no obstante se recomienda un m\u00ednimo de condici\u00f3n f\u00edsica.<\/p>\n<p><a href=\"https:\/\/www.google.ad\/maps\/@42.4195628,1.5262269,1851a,20y,40.96t\/data=!3m1!1e3\">Parking de las pistas de la Rabassa<\/a> [Acceso por la estaci\u00f3n de esqu\u00ed de la Rabassa . Tomar la carretera de \u00a0Sant Juli\u00e0 \u00a0a \u00a0la Rabassa . Aparcamiento superior (cota 2000 m) ] \/\u00a0<a href=\"https:\/\/www.google.ad\/maps\/@42.4269187,1.5374959,808a,20y,41.1t\/data=!3m1!1e3\">\u00a0Collada de Pimes\u00a0<\/a>\u00a0\/ Camino de \u00a0el Port Negre \u00a0GRP \/\u00a0<a href=\"https:\/\/www.google.ad\/maps\/@42.4471561,1.5596638,1231a,20y,40.99t\/data=!3m1!1e3\">\u00a0Pic Negre\u00a0<\/a>\u00a0\/\u00a0<a href=\"https:\/\/www.google.ad\/maps\/@42.4506803,1.5635755,956a,20y,41.02t\/data=!3m1!1e3\">\u00a0El Port Negre\u00a0<\/a>\u00a0\/\u00a0<a href=\"https:\/\/www.google.ad\/maps\/@42.4650689,1.5588806,657a,20y,41.09t\/data=!3m1!1e3\">\u00a0Basses Roges\u00a0<\/a>\u00a0\/\u00a0<a href=\"https:\/\/www.google.ad\/maps\/@42.464113,1.5633089,720a,20y,41.11t\/data=!3m1!1e3\">Refugio de Claror<\/a>\u00a0\/ Camino de \u00a0l\u2019estany de la Nou \u00a0GRP \/ Camino de \u00a0l\u2019estany de la Nou \u00a0(tramo fuera del GRP) \/ Camino de Perafita GR11.10 \/\u00a0<a href=\"https:\/\/www.google.ad\/maps\/@42.4741466,1.5777577,688a,20y,41.12t\/data=!3m1!1e3\">Refugio de Perafita<\/a>\u00a0\/ Camino de \u00a0la font del Bo\u00efgot \u00a0\/\u00a0<a href=\"https:\/\/www.madriu-perafita-claror.ad\/wp-content\/uploads\/Pont-Sassanat.jpg\">\u00a0Pont Sassanat\u00a0<\/a>\u00a0\/\u00a0<a href=\"https:\/\/www.google.ad\/maps\/@42.5045844,1.5470839,1093m\/data=!3m1!1e3\"> La Plana.<\/a><\/p>\n<p>[\/vc_column_text][\/vc_column][\/vc_row][vc_row][vc_column][vc_btn title=\u00bbDesc\u00e1rgate aqu\u00ed el itinerario (pdf)\u00bb link=\u00bburl:https%3A%2F%2Fwww.madriu-perafita-claror.ad%2Fwp-content%2Fuploads%2F2024%2F02%2FItinerari-9-cast.pdf|target:_blank\u00bb][\/vc_column][\/vc_row]<\/p>\n<\/div>","protected":false},"excerpt":{"rendered":"<p>[vc_row][vc_column][vc_column_text] ITINERARIO 9: La Rabassa &#8211; Claror &#8211; Perafita &#8211; La Plana (traves\u00eda: har\u00e1n falta 2 veh\u00edculos) [\/vc_column_text][\/vc_column][\/vc_row][vc_row][vc_column width=\u00bb1\/2&#8243;][vc_column_text] [\/vc_column_text][\/vc_column][vc_column&#8230;<\/p>\n","protected":false},"author":1,"featured_media":0,"parent":0,"menu_order":0,"comment_status":"closed","ping_status":"closed","template":"","meta":{"_acf_changed":false,"footnotes":""},"class_list":["post-35142","page","type-page","status-publish"],"acf":[],"_links":{"self":[{"href":"https:\/\/www.madriu-perafita-claror.ad\/es\/wp-json\/wp\/v2\/pages\/35142","targetHints":{"allow":["GET"]}}],"collection":[{"href":"https:\/\/www.madriu-perafita-claror.ad\/es\/wp-json\/wp\/v2\/pages"}],"about":[{"href":"https:\/\/www.madriu-perafita-claror.ad\/es\/wp-json\/wp\/v2\/types\/page"}],"author":[{"embeddable":true,"href":"https:\/\/www.madriu-perafita-claror.ad\/es\/wp-json\/wp\/v2\/users\/1"}],"replies":[{"embeddable":true,"href":"https:\/\/www.madriu-perafita-claror.ad\/es\/wp-json\/wp\/v2\/comments?post=35142"}],"version-history":[{"count":0,"href":"https:\/\/www.madriu-perafita-claror.ad\/es\/wp-json\/wp\/v2\/pages\/35142\/revisions"}],"wp:attachment":[{"href":"https:\/\/www.madriu-perafita-claror.ad\/es\/wp-json\/wp\/v2\/media?parent=35142"}],"curies":[{"name":"wp","href":"https:\/\/api.w.org\/{rel}","templated":true}]}}

<div class="wpb-content-wrapper"><p>[vc_row][vc_column][vc_column_text]</p>
<h3 style="text-align: left;"><img class="alignnone wp-image-31556 size-full" src="https://www.madriu-perafita-claror.ad/wp-content/uploads/2019/06/Itinerari-9.jpg" alt="" width="1500" height="480" /></h3>
<h3 style="text-align: left;">ITINERARIO 9: La Rabassa &#8211; Claror &#8211; Perafita &#8211; La Plana (travesía: harán falta 2 vehículos)</h3>
<p>[/vc_column_text][/vc_column][/vc_row][vc_row][vc_column width=»1/2&#8243;][vc_column_text]</p>
<h3 style="text-align: left;"><img class="aligncenter size-full wp-image-6607" src="https://www.madriu-perafita-claror.ad/wp-content/uploads/Perfil-itinerari-9.jpg" alt="" width="669" height="354" /></h3>
<p>[/vc_column_text][/vc_column][vc_column width=»1/2&#8243;][vc_column_text]<img class="aligncenter size-full wp-image-8468" src="https://www.madriu-perafita-claror.ad/wp-content/uploads/Itinerari-9-Wikiloc.jpg" alt="" width="848" height="450" /></p>
<p><a href="https://es.wikiloc.com/rutas-senderismo/la-rabassa-claror-perafita-la-plana-travessa-faran-falta-dos-vehicles-23419670">Aquí encontrará el trazado aproximado, no es exacto, nada más es para dar una idea de la ruta</a>[/vc_column_text][/vc_column][/vc_row][vc_row][vc_column][vc_column_text]</p>
<h5 style="text-align: left;">Dificuldad: II / DESNIVEL: 1.405 M</h5>
<p>Recorrido completo y bien señalizado, no obstante se recomienda un mínimo de condición física.</p>
<p><a href="https://www.google.ad/maps/@42.4195628,1.5262269,1851a,20y,40.96t/data=!3m1!1e3">Parking de las pistas de la Rabassa</a> [Acceso por la estación de esquí de la Rabassa . Tomar la carretera de  Sant Julià  a  la Rabassa . Aparcamiento superior (cota 2000 m) ] / <a href="https://www.google.ad/maps/@42.4269187,1.5374959,808a,20y,41.1t/data=!3m1!1e3"> Collada de Pimes </a> / Camino de  el Port Negre  GRP / <a href="https://www.google.ad/maps/@42.4471561,1.5596638,1231a,20y,40.99t/data=!3m1!1e3"> Pic Negre </a> / <a href="https://www.google.ad/maps/@42.4506803,1.5635755,956a,20y,41.02t/data=!3m1!1e3"> El Port Negre </a> / <a href="https://www.google.ad/maps/@42.4650689,1.5588806,657a,20y,41.09t/data=!3m1!1e3"> Basses Roges </a> / <a href="https://www.google.ad/maps/@42.464113,1.5633089,720a,20y,41.11t/data=!3m1!1e3">Refugio de Claror</a> / Camino de  l’estany de la Nou  GRP / Camino de  l’estany de la Nou  (tramo fuera del GRP) / Camino de Perafita GR11.10 / <a href="https://www.google.ad/maps/@42.4741466,1.5777577,688a,20y,41.12t/data=!3m1!1e3">Refugio de Perafita</a> / Camino de  la font del Boïgot  / <a href="https://www.madriu-perafita-claror.ad/wp-content/uploads/Pont-Sassanat.jpg"> Pont Sassanat </a> / <a href="https://www.google.ad/maps/@42.5045844,1.5470839,1093m/data=!3m1!1e3"> La Plana.</a></p>
<p>[/vc_column_text][/vc_column][/vc_row][vc_row][vc_column][vc_btn title=»Descárgate aquí el itinerario (pdf)» link=»url:https%3A%2F%2Fwww.madriu-perafita-claror.ad%2Fwp-content%2Fuploads%2F2024%2F02%2FItinerari-9-cast.pdf|target:_blank»][/vc_column][/vc_row]</p>
</div>

<p>[vc_row][vc_column][vc_column_text] ITINERARIO 9: La Rabassa &#8211; Claror &#8211; Perafita &#8211; La Plana (travesía: harán falta 2 vehículos) [/vc_column_text][/vc_column][/vc_row][vc_row][vc_column width=»1/2&#8243;][vc_column_text] [/vc_column_text][/vc_column][vc_column&#8230;</p>
