{"id":35182,"date":"2019-04-08T18:26:43","date_gmt":"2019-04-08T17:26:43","guid":{"rendered":"https:\/\/www.madriu-perafita-claror.ad\/itinerari-03"},"modified":"2024-02-26T10:42:19","modified_gmt":"2024-02-26T10:42:19","slug":"itinerario-03","status":"publish","type":"page","link":"https:\/\/www.madriu-perafita-claror.ad\/es\/itinerario-03\/","title":{"rendered":"Itinerario 03"},"content":{"rendered":"<div class=\"wpb-content-wrapper\"><p>[vc_row][vc_column][vc_column_text]<\/p>\n<h3 style=\"text-align: left;\"><img class=\"alignnone wp-image-31557 size-full\" src=\"https:\/\/www.madriu-perafita-claror.ad\/wp-content\/uploads\/2019\/06\/Itinerari-3.jpg\" alt=\"\" width=\"1500\" height=\"480\" srcset=\"https:\/\/www.madriu-perafita-claror.ad\/wp-content\/uploads\/2019\/06\/Itinerari-3.jpg 1500w, https:\/\/www.madriu-perafita-claror.ad\/wp-content\/uploads\/2019\/06\/Itinerari-3-600x192.jpg 600w\" sizes=\"(max-width: 1500px) 100vw, 1500px\" \/><\/h3>\n<h3 style=\"text-align: left;\">ITINERARIO 3:\u00a0Agols \u2013 lago de la Illa \u2013 Madriu, desde Engolasters (circular)<\/h3>\n<p>[\/vc_column_text][\/vc_column][\/vc_row][vc_row][vc_column width=\u00bb1\/2&#8243;][vc_column_text]<\/p>\n<h3 style=\"text-align: left;\"><img class=\"aligncenter wp-image-6577 size-full\" src=\"https:\/\/www.madriu-perafita-claror.ad\/wp-content\/uploads\/Perfil-itinerari-3.jpg\" alt=\"\" width=\"725\" height=\"348\" \/><\/h3>\n<p>[\/vc_column_text][\/vc_column][vc_column width=\u00bb1\/2&#8243;][vc_column_text]<img class=\"aligncenter size-full wp-image-8502\" src=\"https:\/\/www.madriu-perafita-claror.ad\/wp-content\/uploads\/Itinerari-3-Wikiloc.jpg\" alt=\"\" width=\"845\" height=\"453\" \/><\/p>\n<p><a href=\"https:\/\/es.wikiloc.com\/rutas-senderismo\/agols-estany-de-lilla-madriu-des-dengolasters-circular-23510867\">Aqu\u00ed encontrar\u00e1 el trazado aproximado, no es exacto, nada m\u00e1s es para dar una idea de la ruta.<\/a>[\/vc_column_text][\/vc_column][\/vc_row][vc_row][vc_column][vc_column_text]<\/p>\n<h5>Dificultad: IV \/ DESNIVEL: 1.052 M<\/h5>\n<p>Recorrido largo y completo. No tiene dificultades t\u00e9cnicas ni pasajes complicados, pero hace falta un m\u00ednimo de experiencia y una condici\u00f3n f\u00edsica media.<\/p>\n<p><a href=\"https:\/\/www.google.ad\/maps\/@42.5115559,1.5689755,698a,20y,40.88t\/data=!3m1!1e3\">Parking (Circuit de les Fonts)<\/a>\u00a0[Acceso por la carretera de Engolasters. Aparcamiento en la curva justo antes del Lago de Engolasters] \/\u00a0<a href=\"https:\/\/www.google.ad\/maps\/@42.5179941,1.5690735,571m\/data=!3m1!1e3\">Carretera CS-200 + Carretera de Engolasters<\/a>\u00a0\/\u00a0<a href=\"https:\/\/www.google.ad\/maps\/@42.5279674,1.5952653,430m\/data=!3m1!1e3\">Carretera de \u00a0les Pardines\u00a0<\/a>\u00a0\/ Camino de \u00a0la Molina \u00a0\/\u00a0<a href=\"https:\/\/www.google.ad\/maps\/@42.5183316,1.5953767,732a,20y,41.18t\/data=!3m1!1e3\">Bordas de \u00a0la Molina\u00a0<\/a>\u00a0\/ Camino de la Molina \u00a0\/ Camino de \u00a0les Agols pel Serrat de Codinet \u00a0\/ Camino de les Agols \u00a0\/\u00a0<a href=\"https:\/\/www.google.ad\/maps\/@42.5052238,1.6085216,815a,20y,41.1t\/data=!3m1!1e3\">Refugio de \u00a0les Agols\u00a0<\/a>\u00a0\/\u00a0<a href=\"https:\/\/www.google.ad\/maps\/@42.4879366,1.6186413,1604a,20y,40.93t\/data=!3m1!1e3\">\u00a0Cap de les Agols\u00a0<\/a>\u00a0\/\u00a0<a href=\"https:\/\/www.google.ad\/maps\/@42.4887627,1.6535047,829a,20y,41.05t\/data=!3m1!1e3\">Lago Rod\u00f3<\/a>\u00a0\/ Lago de \u00a0l\u2019Illa \u00a0+\u00a0<a href=\"https:\/\/www.google.ad\/maps\/@42.4860734,1.6572051,1298a,20y,40.97t\/data=!3m1!1e3\">refugio de \u00a0l\u2019Illa\u00a0<\/a>\u00a0\/ Camino de la Muntanya GR7-GR11 (este tramo tambi\u00e9n es conocido como Camino de los Estanys ) \/\u00a0<a class=\"lightbox-added\" href=\"https:\/\/www.madriu-perafita-claror.ad\/wp-content\/uploads\/Cabana-dels-estanys.jpg\">Caba\u00f1a de \u00a0els Estanys\u00a0<\/a>\u00a0\/\u00a0<a href=\"https:\/\/www.google.ad\/maps\/@42.4800791,1.6391748,660a,20y,41.12t\/data=!3m1!1e3\">Refugio de el riu dels Orris\u00a0<\/a>\u00a0\/ Camino de la Muntanya GR7-GR11 \/\u00a0<a class=\"lightbox-added\" href=\"https:\/\/www.madriu-perafita-claror.ad\/wp-content\/uploads\/Barracota.jpg\">Caba\u00f1a de \u00a0la Barracota\u00a0<\/a>\u00a0\/\u00a0<a class=\"lightbox-added\" href=\"https:\/\/www.madriu-perafita-claror.ad\/wp-content\/uploads\/la-farga.jpg\">\u00a0La Farga\u00a0<\/a>\u00a0\/\u00a0<a href=\"https:\/\/www.google.ad\/maps\/@42.4861787,1.5935816,745a,20y,41.17t\/data=!3m1!1e3\">Refugio de Fontverd<\/a>\u00a0+ caba\u00f1as a Fontverd \/ Camino del Sol\u00e0 de R\u00e0mio \u00a0\/\u00a0<a class=\"lightbox-added\" href=\"https:\/\/www.madriu-perafita-claror.ad\/wp-content\/uploads\/vista-des-de-coll-jovell.jpg\">\u00a0Coll Jovell\u00a0<\/a>\u00a0\/ Camino de els Matxos \u00a0GR11 (el tramo final tambi\u00e9n es conocido como el Circuito de les Fonts ) \/ Parking (Circuito de les Fonts).[\/vc_column_text][\/vc_column][\/vc_row][vc_row][vc_column][vc_btn title=\u00bbDescarga aqu\u00ed el itinerario (pdf)\u00bb link=\u00bburl:https%3A%2F%2Fwww.madriu-perafita-claror.ad%2Fwp-content%2Fuploads%2F2024%2F02%2FItinerari-3-cas.pdf|target:_blank\u00bb][\/vc_column][\/vc_row]<\/p>\n<\/div>","protected":false},"excerpt":{"rendered":"<p>[vc_row][vc_column][vc_column_text] ITINERARIO 3:\u00a0Agols \u2013 lago de la Illa \u2013 Madriu, desde Engolasters (circular) [\/vc_column_text][\/vc_column][\/vc_row][vc_row][vc_column width=\u00bb1\/2&#8243;][vc_column_text] [\/vc_column_text][\/vc_column][vc_column width=\u00bb1\/2&#8243;][vc_column_text] Aqu\u00ed encontrar\u00e1 el&#8230;<\/p>\n","protected":false},"author":1,"featured_media":0,"parent":0,"menu_order":0,"comment_status":"closed","ping_status":"closed","template":"","meta":{"_acf_changed":false,"footnotes":""},"class_list":["post-35182","page","type-page","status-publish"],"acf":[],"_links":{"self":[{"href":"https:\/\/www.madriu-perafita-claror.ad\/es\/wp-json\/wp\/v2\/pages\/35182","targetHints":{"allow":["GET"]}}],"collection":[{"href":"https:\/\/www.madriu-perafita-claror.ad\/es\/wp-json\/wp\/v2\/pages"}],"about":[{"href":"https:\/\/www.madriu-perafita-claror.ad\/es\/wp-json\/wp\/v2\/types\/page"}],"author":[{"embeddable":true,"href":"https:\/\/www.madriu-perafita-claror.ad\/es\/wp-json\/wp\/v2\/users\/1"}],"replies":[{"embeddable":true,"href":"https:\/\/www.madriu-perafita-claror.ad\/es\/wp-json\/wp\/v2\/comments?post=35182"}],"version-history":[{"count":0,"href":"https:\/\/www.madriu-perafita-claror.ad\/es\/wp-json\/wp\/v2\/pages\/35182\/revisions"}],"wp:attachment":[{"href":"https:\/\/www.madriu-perafita-claror.ad\/es\/wp-json\/wp\/v2\/media?parent=35182"}],"curies":[{"name":"wp","href":"https:\/\/api.w.org\/{rel}","templated":true}]}}

<div class="wpb-content-wrapper"><p>[vc_row][vc_column][vc_column_text]</p>
<h3 style="text-align: left;"><img class="alignnone wp-image-31557 size-full" src="https://www.madriu-perafita-claror.ad/wp-content/uploads/2019/06/Itinerari-3.jpg" alt="" width="1500" height="480" srcset="https://www.madriu-perafita-claror.ad/wp-content/uploads/2019/06/Itinerari-3.jpg 1500w, https://www.madriu-perafita-claror.ad/wp-content/uploads/2019/06/Itinerari-3-600x192.jpg 600w" sizes="(max-width: 1500px) 100vw, 1500px" /></h3>
<h3 style="text-align: left;">ITINERARIO 3: Agols – lago de la Illa – Madriu, desde Engolasters (circular)</h3>
<p>[/vc_column_text][/vc_column][/vc_row][vc_row][vc_column width=»1/2&#8243;][vc_column_text]</p>
<h3 style="text-align: left;"><img class="aligncenter wp-image-6577 size-full" src="https://www.madriu-perafita-claror.ad/wp-content/uploads/Perfil-itinerari-3.jpg" alt="" width="725" height="348" /></h3>
<p>[/vc_column_text][/vc_column][vc_column width=»1/2&#8243;][vc_column_text]<img class="aligncenter size-full wp-image-8502" src="https://www.madriu-perafita-claror.ad/wp-content/uploads/Itinerari-3-Wikiloc.jpg" alt="" width="845" height="453" /></p>
<p><a href="https://es.wikiloc.com/rutas-senderismo/agols-estany-de-lilla-madriu-des-dengolasters-circular-23510867">Aquí encontrará el trazado aproximado, no es exacto, nada más es para dar una idea de la ruta.</a>[/vc_column_text][/vc_column][/vc_row][vc_row][vc_column][vc_column_text]</p>
<h5>Dificultad: IV / DESNIVEL: 1.052 M</h5>
<p>Recorrido largo y completo. No tiene dificultades técnicas ni pasajes complicados, pero hace falta un mínimo de experiencia y una condición física media.</p>
<p><a href="https://www.google.ad/maps/@42.5115559,1.5689755,698a,20y,40.88t/data=!3m1!1e3">Parking (Circuit de les Fonts)</a> [Acceso por la carretera de Engolasters. Aparcamiento en la curva justo antes del Lago de Engolasters] / <a href="https://www.google.ad/maps/@42.5179941,1.5690735,571m/data=!3m1!1e3">Carretera CS-200 + Carretera de Engolasters</a> / <a href="https://www.google.ad/maps/@42.5279674,1.5952653,430m/data=!3m1!1e3">Carretera de  les Pardines </a> / Camino de  la Molina  / <a href="https://www.google.ad/maps/@42.5183316,1.5953767,732a,20y,41.18t/data=!3m1!1e3">Bordas de  la Molina </a> / Camino de la Molina  / Camino de  les Agols pel Serrat de Codinet  / Camino de les Agols  / <a href="https://www.google.ad/maps/@42.5052238,1.6085216,815a,20y,41.1t/data=!3m1!1e3">Refugio de  les Agols </a> / <a href="https://www.google.ad/maps/@42.4879366,1.6186413,1604a,20y,40.93t/data=!3m1!1e3"> Cap de les Agols </a> / <a href="https://www.google.ad/maps/@42.4887627,1.6535047,829a,20y,41.05t/data=!3m1!1e3">Lago Rodó</a> / Lago de  l’Illa  + <a href="https://www.google.ad/maps/@42.4860734,1.6572051,1298a,20y,40.97t/data=!3m1!1e3">refugio de  l’Illa </a> / Camino de la Muntanya GR7-GR11 (este tramo también es conocido como Camino de los Estanys ) / <a class="lightbox-added" href="https://www.madriu-perafita-claror.ad/wp-content/uploads/Cabana-dels-estanys.jpg">Cabaña de  els Estanys </a> / <a href="https://www.google.ad/maps/@42.4800791,1.6391748,660a,20y,41.12t/data=!3m1!1e3">Refugio de el riu dels Orris </a> / Camino de la Muntanya GR7-GR11 / <a class="lightbox-added" href="https://www.madriu-perafita-claror.ad/wp-content/uploads/Barracota.jpg">Cabaña de  la Barracota </a> / <a class="lightbox-added" href="https://www.madriu-perafita-claror.ad/wp-content/uploads/la-farga.jpg"> La Farga </a> / <a href="https://www.google.ad/maps/@42.4861787,1.5935816,745a,20y,41.17t/data=!3m1!1e3">Refugio de Fontverd</a> + cabañas a Fontverd / Camino del Solà de Ràmio  / <a class="lightbox-added" href="https://www.madriu-perafita-claror.ad/wp-content/uploads/vista-des-de-coll-jovell.jpg"> Coll Jovell </a> / Camino de els Matxos  GR11 (el tramo final también es conocido como el Circuito de les Fonts ) / Parking (Circuito de les Fonts).[/vc_column_text][/vc_column][/vc_row][vc_row][vc_column][vc_btn title=»Descarga aquí el itinerario (pdf)» link=»url:https%3A%2F%2Fwww.madriu-perafita-claror.ad%2Fwp-content%2Fuploads%2F2024%2F02%2FItinerari-3-cas.pdf|target:_blank»][/vc_column][/vc_row]</p>
</div>

<p>[vc_row][vc_column][vc_column_text] ITINERARIO 3: Agols – lago de la Illa – Madriu, desde Engolasters (circular) [/vc_column_text][/vc_column][/vc_row][vc_row][vc_column width=»1/2&#8243;][vc_column_text] [/vc_column_text][/vc_column][vc_column width=»1/2&#8243;][vc_column_text] Aquí encontrará el&#8230;</p>
