{"id":35267,"date":"2019-03-29T14:09:09","date_gmt":"2019-03-29T14:09:09","guid":{"rendered":"https:\/\/www.madriu-perafita-claror.ad\/la-fauna"},"modified":"2025-06-11T09:37:41","modified_gmt":"2025-06-11T08:37:41","slug":"fauna","status":"publish","type":"page","link":"https:\/\/www.madriu-perafita-claror.ad\/es\/fauna\/","title":{"rendered":"Fauna"},"content":{"rendered":"<div class=\"wpb-content-wrapper\"><p>[vc_row][vc_column][vc_separator][vc_single_image image=\u00bb34471&#8243; img_size=\u00bbfull\u00bb][\/vc_column][\/vc_row][vc_row][vc_column][vc_column_text css=\u00bb\u00bb]<\/p>\n<h2>FAUNA<\/h2>\n<p>[\/vc_column_text][vc_column_text css=\u00bb\u00bb]<\/p>\n<p class=\"western\" style=\"text-align: justify;\">Gracias a la gran variedad de microclimas y h\u00e1bitats del valle, en el Madriu-Perafita-Claror, se encuentra representada gran variedad de la fauna de los Pirineos, ya sea porque habitan en \u00e9l, anidan o por ser lugar de paso de las especies migratorias, con ejemplares altamente amenazados, no tan s\u00f3lo en el entorno inmediato, sino tambi\u00e9n en el conjunto del continente europeo.<\/p>\n<p class=\"western\" style=\"text-align: justify;\">Han sido identificadas cuatro especies de peces, cuatro de anfibios, seis de reptiles, ochenta y nueve de p\u00e1jaros que anidan y trenta de mam\u00edferos. Un porcentaje muy elevado de las especies animales de Andorra se han localizado sobre este 10% del territorio nacional, dato que recalca, de manera contundente, la extraordinaria importancia biol\u00f3gica y medioambiental del valle.<\/p>\n<p class=\"western\" style=\"text-align: justify;\">A continuaci\u00f3n se detalla un breve cat\u00e1logo de las especies que habitan el valle:<\/p>\n<h3>vertebraDOs<\/h3>\n<h4>Reptiles<\/h4>\n<p>Seis especies de reptiles han sido censados en el valle. Los m\u00e1s abundantes son las lagartijas roquera (<em>Podarcis muralis<\/em>) e ib\u00e9ricoproven\u00e7ales (<em>Podarcis hispanica<\/em>) que podemos encontrar en las rocas y muros de piedra seca. En otras zonas, se encuentran v\u00edboras \u00e1spid (<em>Vipera aspis<\/em>) y culebras\u00a0como la culebra de collar (<em>Natrix natrix<\/em>), la culebra verdiamarilla (<em>Hierophis viridiflavus<\/em>) y la serpiente de Eusculapio (<em>Zamenis longissimus<\/em>).<\/p>\n<h4>Anfibios<\/h4>\n<p>Gracias a la calidad de las aguas del valle del Madriu-Perafita-Claror existen una gran variedad de animales que habitan los ambientes acu\u00e1ticos y que est\u00e1n amenazados debido a la fragilidad de su h\u00e1bitat. Las especies que veremos a continuaci\u00f3n est\u00e1n todas incluidas en el anexo II del Convenio de Berna, lo que las convierte en especies estrictamente protegidas, as\u00ed como su h\u00e1bitat, prohibiendo el deterioro o la destrucci\u00f3n intencionados de los lugares de reproducci\u00f3n o de sus \u00e1reas de reposo.<\/p>\n<p>En las aguas limpias de zonas h\u00famedas, r\u00edos y riachuelos, encontramos el trit\u00f3n pirenaico (<em>Calotriton asper), <\/em>endemismo pirenaico amenazado en nuestro pa\u00eds por la p\u00e9rdida de h\u00e1bitat. Habitan tambi\u00e9n en estos ambientes h\u00famedos, anfibios como la salamandra comun (<em>Salamandra salamandra<\/em>), la rana bermeja (<em>Rana temporaria<\/em>) y el sapo com\u00fan (<em>Bufo bufo<\/em>).<\/p>\n<h4>peces<\/h4>\n<p align=\"JUSTIFY\">En el piso montano, aparte de la trucha fario (<em>Salmo trutta fario), <\/em>aut\u00f3ctona y presente en la mayor\u00eda de los r\u00edos y lagos, podemos encontrar la trucha arco iris (<em>Onchorhynchus mykiss) <\/em>introducida en el r\u00edo Gran Valira y en el lago de Engolasters a finales del siglo pasado, la trucha de arroyo (<em>Salvelinus fontinalis) <\/em>introducida en alg\u00fan r\u00edo de alta monta\u00f1a y en lagos y el piscardo (<em>Phoxinus phoxinus<\/em>).<\/p>\n<h4>P\u00e1jaros<\/h4>\n<p class=\"western\" style=\"text-align: justify;\">Entre los animales en peligro de extinci\u00f3n presentes en Andorra, y caracter\u00edsticos del piso alpino, han sido identificados el quebrantahuesos (<i>Gypaetus barbatus<\/i>&gt;) y el \u00e1guila real (A<i>aquila chrysaetos<\/i>).<\/p>\n<p class=\"western\" style=\"text-align: justify;\">En los bosques antiguos del piso alpino, sobre todo en los de pino negro, se encuentra tambi\u00e9n el urogallo com\u00fan (<i>Tetrao urogallus<\/i>), especie protegida y en peligro de extinci\u00f3n, al igual que los dos anteriores, por el Reglamento de especies animales protegidas, del 15 de diciembre de 2000.<\/p>\n<p class=\"western\" style=\"text-align: justify;\">Aunque no amenazadas, tambi\u00e9n son caracter\u00edsticas del piso alpino, en los bosques de pino negro, el verder\u00f3n serrano (<i>Carduelis citrinella<\/i>), y en los prados alpinos, la alondra com\u00fan (<i>Alauda arvensis<\/i>), la collalba gris (<i>Oenanthe oenanthe<\/i>), la chova piquigualda (<i>Pyrrhocorax graculus<\/i>), la bisbita ribere\u00f1o alpino (<i>Anthus spinoletta ssp. spinoletta<\/i>), los acentores alpinos (<i>Prunella collaris<\/i>), el mirlo capiblanco (<i>Turdus torquatus<\/i>), la perdiz pardilla (<i>Perdix perdix<\/i>), el c\u00e1rabo com\u00fan (<em>Strix aluco<\/em>), el gavil\u00e1n com\u00fan (<i>Accipiter nisus<\/i>), el mosquitero com\u00fan P<i>phylloscopus collybita<\/i>), la curruca capirotada (<i>Sylvia atricapilla<\/i>) y el herrerillo com\u00fan (<i>Parus caeruleus<\/i>).<\/p>\n<p class=\"western\" style=\"text-align: justify;\">Las zonas de solana de Entremesaig\u00fces, de R\u00e0mio y de Claror-Perafita, son zonas de gran valor ornitol\u00f3gico, seg\u00fan el atlas de los p\u00e1jaros nidificantes de Andorra. Se encuentran representadas el Chorlito carambolo (<i>Charadrius morinellus<\/i>), especie de distribuci\u00f3n concentrada y muy escasa en todo el Pirineo, y el azor com\u00fan (<i>Accipiter gentilis<\/i>).<\/p>\n<p class=\"western\" style=\"text-align: justify;\">Otras especies que tambi\u00e9n han sido identificadas son la chova piquirroja (<i>Pyrrhocorax pyrrhocorax<\/i>), el choch\u00edn (<i>Troglodytes troglodytes<\/i>), el pico picapinos (<i>Dendrocopos major<\/i>), el herrerillo capuchino (<i>Parus cristatus), el mosquitero papialbo (Phylloscopus bonelli), la paloma torcaz (Columba palumbus), la perdiz nival (Lagopus mutuos), el pito negro (Drycipus martius), el treparriscos (Tichodroma muraria) y el escribano hortelano (Emberiza hortulana).<\/i><\/p>\n<p>Las zonas umbr\u00edas h\u00famedas, entre los bosques de pino negro y abetos, constituyen unos h\u00e1bitats de especies raras que buscan zonas tranquilas, como la chocha perdiz (S<i>colopax rusticola<\/i>), el picamaderos negro (<i>Dryocopus martius<\/i>) y el agateador norte\u00f1o (<i>Certhia familiaris<\/i>). En el piso subalpino se han identificado al mochuelo boreal (<i>Aegolius funereus<\/i>) y el piquituerto com\u00fan (<i>Loxia curvirostra<\/i>). En el piso montano, en zonas h\u00famedas, encontramos la lavandera cascade\u00f1a (<i>Motacilla cinerea<\/i>) y el mirlo acu\u00e1tico (<i>Cinclus cinclus<\/i>), y en los humedales del piso alpino, el colirrojo tiz\u00f3n (<i>Phoenicurus ochruros<\/i>).<\/p>\n<h4>Mam\u00edferos<\/h4>\n<p class=\"western\" style=\"text-align: justify;\">L<span id=\"result_box\" class=\"\" lang=\"es\"><span class=\"\">as especies<\/span> que habitan el valle son ejemplos caracter\u00edsticos de la fauna pirenaica<span class=\"\">, <\/span><\/span>como por ejemplo, el rebeco pirenaico (<i>Rupicapra pyrenaica<\/i>), el mufl\u00f3n com\u00fan (<i>Ovis musimon<\/i>), la marmota alpina (<i>Marmota marmota<\/i>), la ardilla com\u00fan (<i>Sciurus vulgaris<\/i>) -t\u00edpica de los bosques de pino rojo- y el jabal\u00ed (<i>Sus scrofa<\/i>).<\/p>\n<p class=\"western\" style=\"text-align: justify;\">Otros identificados han sido la marta (<i>Martes martes<\/i>), el tur\u00f3n (<i>Mustela putorius<\/i>), la comadreja com\u00fan (<i>Mustela nivalis<\/i>), el lir\u00f3n com\u00fan (<i>Eliomys quercinus<\/i>), la rata de agua (<i>Arvicota sapidus<\/i>) y el armi\u00f1o (<i>Mustela erminea<\/i>). Gracias al proyecto FELIS (convenio entre la Asociaci\u00f3n Filantr\u00f3pica BOMOSA y el Gobierno de Andorra) se pudo demostrar en el a\u00f1o 2011, la presencia del gato mont\u00e9s (Felis <i>silvestris<\/i><i>), <\/i>especie en peligro de extinci\u00f3n seg\u00fan el Reglamento de especies animales protegidas de Andorra, catalogada en el Anexo II del Convenio de Berna e incluida en el Anexo IV de la Directiva 92\/43\/CEE como especie animal de inter\u00e9s comunitario que requiere una protecci\u00f3n estricta.<\/p>\n<h4>PLAN DE RECUPERACI\u00d3N DE LA ALmizclera \/ desm\u00e1n ib\u00e9rico<\/h4>\n<p>La almizclera (Galemys pyrenaicus) es un peque\u00f1o mam\u00edfero insect\u00edvoro acu\u00e1tico end\u00e9mico del norte de la Pen\u00ednsula Ib\u00e9rica y de la vertiente francesa de los Pirineos. Se encuentra en regresi\u00f3n en gran parte de su territorio debido a la p\u00e9rdida de h\u00e1bitat, la contaminaci\u00f3n del agua, la presi\u00f3n humana, la depredaci\u00f3n, el cambio clim\u00e1tico y las infraestructuras hidroel\u00e9ctricas. En Andorra est\u00e1 catalogada como especie en peligro de extinci\u00f3n.<br \/>\nPara revertir esta situaci\u00f3n, el Plan de Recuperaci\u00f3n de la Almizclera, aprobado por el Gobierno de Andorra en mayo de 2024 (Decreto 229\/2024, de 29\/05\/2024), prev\u00e9 actuaciones durante seis a\u00f1os para estudiar la distribuci\u00f3n y el estado de las poblaciones. El plan est\u00e1 impulsado por Ambiotec M&amp;S SLU y BIOSFERA Consultor\u00eda Medioambiental S.L.<\/p>\n<p>Im\u00e1genes del primer muestreo realizado en el Valle del Madriu durante el a\u00f1o 2024.<\/p>\n<p><img class=\"alignnone wp-image-43689 size-medium\" src=\"https:\/\/www.madriu-perafita-claror.ad\/wp-content\/uploads\/2025\/06\/WZVX4506-300x226.jpg\" alt=\"\" width=\"300\" height=\"226\" srcset=\"https:\/\/www.madriu-perafita-claror.ad\/wp-content\/uploads\/2025\/06\/WZVX4506-300x226.jpg 300w, https:\/\/www.madriu-perafita-claror.ad\/wp-content\/uploads\/2025\/06\/WZVX4506-1024x770.jpg 1024w, https:\/\/www.madriu-perafita-claror.ad\/wp-content\/uploads\/2025\/06\/WZVX4506-768x578.jpg 768w, https:\/\/www.madriu-perafita-claror.ad\/wp-content\/uploads\/2025\/06\/WZVX4506-600x451.jpg 600w, https:\/\/www.madriu-perafita-claror.ad\/wp-content\/uploads\/2025\/06\/WZVX4506.jpg 1280w\" sizes=\"(max-width: 300px) 100vw, 300px\" \/><img class=\"alignnone wp-image-43685 size-medium\" src=\"https:\/\/www.madriu-perafita-claror.ad\/wp-content\/uploads\/2025\/06\/IMG_1892-300x225.jpg\" alt=\"\" width=\"300\" height=\"225\" srcset=\"https:\/\/www.madriu-perafita-claror.ad\/wp-content\/uploads\/2025\/06\/IMG_1892-300x225.jpg 300w, https:\/\/www.madriu-perafita-claror.ad\/wp-content\/uploads\/2025\/06\/IMG_1892-1024x768.jpg 1024w, https:\/\/www.madriu-perafita-claror.ad\/wp-content\/uploads\/2025\/06\/IMG_1892-768x576.jpg 768w, https:\/\/www.madriu-perafita-claror.ad\/wp-content\/uploads\/2025\/06\/IMG_1892-1536x1152.jpg 1536w, https:\/\/www.madriu-perafita-claror.ad\/wp-content\/uploads\/2025\/06\/IMG_1892-2048x1536.jpg 2048w, https:\/\/www.madriu-perafita-claror.ad\/wp-content\/uploads\/2025\/06\/IMG_1892-600x450.jpg 600w\" sizes=\"(max-width: 300px) 100vw, 300px\" \/><\/p>\n<p>&nbsp;<\/p>\n<h3>Invertebrados<\/h3>\n<p class=\"western\" style=\"margin-bottom: .0001pt; text-align: justify;\">El valle tambi\u00e9n goza de una gran riqueza de invertebrados, entre los cuales m\u00e1s de 114 especies de mariposas diurnas (algunas en la lista roja del IUCN), gran variedad de insectos, invertebrados acu\u00e1ticos, fauna de suelo u hormigas (70% de las especies censadas en el Pirineo est\u00e1n presentes en el valle).<\/p>\n<p>El valle del Madriu-Perafita-Claror forma parte del proyecto de seguimiento de las poblaciones de mariposas Butterfly Monitoring Scheme d\u2019Andorra\u00a0<a href=\"https:\/\/www.iea.ad\/bmsand\">(BMSAnd<\/a>) desde 2015.[\/vc_column_text][\/vc_column][\/vc_row]<\/p>\n<\/div>","protected":false},"excerpt":{"rendered":"<p>[vc_row][vc_column][vc_separator][vc_single_image image=\u00bb34471&#8243; img_size=\u00bbfull\u00bb][\/vc_column][\/vc_row][vc_row][vc_column][vc_column_text css=\u00bb\u00bb] FAUNA [\/vc_column_text][vc_column_text css=\u00bb\u00bb] Gracias a la gran variedad de microclimas y h\u00e1bitats del valle, en el&#8230;<\/p>\n","protected":false},"author":1,"featured_media":0,"parent":0,"menu_order":0,"comment_status":"closed","ping_status":"closed","template":"","meta":{"_acf_changed":false,"footnotes":""},"class_list":["post-35267","page","type-page","status-publish"],"acf":[],"_links":{"self":[{"href":"https:\/\/www.madriu-perafita-claror.ad\/es\/wp-json\/wp\/v2\/pages\/35267","targetHints":{"allow":["GET"]}}],"collection":[{"href":"https:\/\/www.madriu-perafita-claror.ad\/es\/wp-json\/wp\/v2\/pages"}],"about":[{"href":"https:\/\/www.madriu-perafita-claror.ad\/es\/wp-json\/wp\/v2\/types\/page"}],"author":[{"embeddable":true,"href":"https:\/\/www.madriu-perafita-claror.ad\/es\/wp-json\/wp\/v2\/users\/1"}],"replies":[{"embeddable":true,"href":"https:\/\/www.madriu-perafita-claror.ad\/es\/wp-json\/wp\/v2\/comments?post=35267"}],"version-history":[{"count":0,"href":"https:\/\/www.madriu-perafita-claror.ad\/es\/wp-json\/wp\/v2\/pages\/35267\/revisions"}],"wp:attachment":[{"href":"https:\/\/www.madriu-perafita-claror.ad\/es\/wp-json\/wp\/v2\/media?parent=35267"}],"curies":[{"name":"wp","href":"https:\/\/api.w.org\/{rel}","templated":true}]}}

<div class="wpb-content-wrapper"><p>[vc_row][vc_column][vc_separator][vc_single_image image=»34471&#8243; img_size=»full»][/vc_column][/vc_row][vc_row][vc_column][vc_column_text css=»»]</p>
<h2>FAUNA</h2>
<p>[/vc_column_text][vc_column_text css=»»]</p>
<p class="western" style="text-align: justify;">Gracias a la gran variedad de microclimas y hábitats del valle, en el Madriu-Perafita-Claror, se encuentra representada gran variedad de la fauna de los Pirineos, ya sea porque habitan en él, anidan o por ser lugar de paso de las especies migratorias, con ejemplares altamente amenazados, no tan sólo en el entorno inmediato, sino también en el conjunto del continente europeo.</p>
<p class="western" style="text-align: justify;">Han sido identificadas cuatro especies de peces, cuatro de anfibios, seis de reptiles, ochenta y nueve de pájaros que anidan y trenta de mamíferos. Un porcentaje muy elevado de las especies animales de Andorra se han localizado sobre este 10% del territorio nacional, dato que recalca, de manera contundente, la extraordinaria importancia biológica y medioambiental del valle.</p>
<p class="western" style="text-align: justify;">A continuación se detalla un breve catálogo de las especies que habitan el valle:</p>
<h3>vertebraDOs</h3>
<h4>Reptiles</h4>
<p>Seis especies de reptiles han sido censados en el valle. Los más abundantes son las lagartijas roquera (<em>Podarcis muralis</em>) e ibéricoprovençales (<em>Podarcis hispanica</em>) que podemos encontrar en las rocas y muros de piedra seca. En otras zonas, se encuentran víboras áspid (<em>Vipera aspis</em>) y culebras como la culebra de collar (<em>Natrix natrix</em>), la culebra verdiamarilla (<em>Hierophis viridiflavus</em>) y la serpiente de Eusculapio (<em>Zamenis longissimus</em>).</p>
<h4>Anfibios</h4>
<p>Gracias a la calidad de las aguas del valle del Madriu-Perafita-Claror existen una gran variedad de animales que habitan los ambientes acuáticos y que están amenazados debido a la fragilidad de su hábitat. Las especies que veremos a continuación están todas incluidas en el anexo II del Convenio de Berna, lo que las convierte en especies estrictamente protegidas, así como su hábitat, prohibiendo el deterioro o la destrucción intencionados de los lugares de reproducción o de sus áreas de reposo.</p>
<p>En las aguas limpias de zonas húmedas, ríos y riachuelos, encontramos el tritón pirenaico (<em>Calotriton asper), </em>endemismo pirenaico amenazado en nuestro país por la pérdida de hábitat. Habitan también en estos ambientes húmedos, anfibios como la salamandra comun (<em>Salamandra salamandra</em>), la rana bermeja (<em>Rana temporaria</em>) y el sapo común (<em>Bufo bufo</em>).</p>
<h4>peces</h4>
<p align="JUSTIFY">En el piso montano, aparte de la trucha fario (<em>Salmo trutta fario), </em>autóctona y presente en la mayoría de los ríos y lagos, podemos encontrar la trucha arco iris (<em>Onchorhynchus mykiss) </em>introducida en el río Gran Valira y en el lago de Engolasters a finales del siglo pasado, la trucha de arroyo (<em>Salvelinus fontinalis) </em>introducida en algún río de alta montaña y en lagos y el piscardo (<em>Phoxinus phoxinus</em>).</p>
<h4>Pájaros</h4>
<p class="western" style="text-align: justify;">Entre los animales en peligro de extinción presentes en Andorra, y característicos del piso alpino, han sido identificados el quebrantahuesos (<i>Gypaetus barbatus</i>&gt;) y el águila real (A<i>aquila chrysaetos</i>).</p>
<p class="western" style="text-align: justify;">En los bosques antiguos del piso alpino, sobre todo en los de pino negro, se encuentra también el urogallo común (<i>Tetrao urogallus</i>), especie protegida y en peligro de extinción, al igual que los dos anteriores, por el Reglamento de especies animales protegidas, del 15 de diciembre de 2000.</p>
<p class="western" style="text-align: justify;">Aunque no amenazadas, también son características del piso alpino, en los bosques de pino negro, el verderón serrano (<i>Carduelis citrinella</i>), y en los prados alpinos, la alondra común (<i>Alauda arvensis</i>), la collalba gris (<i>Oenanthe oenanthe</i>), la chova piquigualda (<i>Pyrrhocorax graculus</i>), la bisbita ribereño alpino (<i>Anthus spinoletta ssp. spinoletta</i>), los acentores alpinos (<i>Prunella collaris</i>), el mirlo capiblanco (<i>Turdus torquatus</i>), la perdiz pardilla (<i>Perdix perdix</i>), el cárabo común (<em>Strix aluco</em>), el gavilán común (<i>Accipiter nisus</i>), el mosquitero común P<i>phylloscopus collybita</i>), la curruca capirotada (<i>Sylvia atricapilla</i>) y el herrerillo común (<i>Parus caeruleus</i>).</p>
<p class="western" style="text-align: justify;">Las zonas de solana de Entremesaigües, de Ràmio y de Claror-Perafita, son zonas de gran valor ornitológico, según el atlas de los pájaros nidificantes de Andorra. Se encuentran representadas el Chorlito carambolo (<i>Charadrius morinellus</i>), especie de distribución concentrada y muy escasa en todo el Pirineo, y el azor común (<i>Accipiter gentilis</i>).</p>
<p class="western" style="text-align: justify;">Otras especies que también han sido identificadas son la chova piquirroja (<i>Pyrrhocorax pyrrhocorax</i>), el chochín (<i>Troglodytes troglodytes</i>), el pico picapinos (<i>Dendrocopos major</i>), el herrerillo capuchino (<i>Parus cristatus), el mosquitero papialbo (Phylloscopus bonelli), la paloma torcaz (Columba palumbus), la perdiz nival (Lagopus mutuos), el pito negro (Drycipus martius), el treparriscos (Tichodroma muraria) y el escribano hortelano (Emberiza hortulana).</i></p>
<p>Las zonas umbrías húmedas, entre los bosques de pino negro y abetos, constituyen unos hábitats de especies raras que buscan zonas tranquilas, como la chocha perdiz (S<i>colopax rusticola</i>), el picamaderos negro (<i>Dryocopus martius</i>) y el agateador norteño (<i>Certhia familiaris</i>). En el piso subalpino se han identificado al mochuelo boreal (<i>Aegolius funereus</i>) y el piquituerto común (<i>Loxia curvirostra</i>). En el piso montano, en zonas húmedas, encontramos la lavandera cascadeña (<i>Motacilla cinerea</i>) y el mirlo acuático (<i>Cinclus cinclus</i>), y en los humedales del piso alpino, el colirrojo tizón (<i>Phoenicurus ochruros</i>).</p>
<h4>Mamíferos</h4>
<p class="western" style="text-align: justify;">L<span id="result_box" class="" lang="es"><span class="">as especies</span> que habitan el valle son ejemplos característicos de la fauna pirenaica<span class="">, </span></span>como por ejemplo, el rebeco pirenaico (<i>Rupicapra pyrenaica</i>), el muflón común (<i>Ovis musimon</i>), la marmota alpina (<i>Marmota marmota</i>), la ardilla común (<i>Sciurus vulgaris</i>) -típica de los bosques de pino rojo- y el jabalí (<i>Sus scrofa</i>).</p>
<p class="western" style="text-align: justify;">Otros identificados han sido la marta (<i>Martes martes</i>), el turón (<i>Mustela putorius</i>), la comadreja común (<i>Mustela nivalis</i>), el lirón común (<i>Eliomys quercinus</i>), la rata de agua (<i>Arvicota sapidus</i>) y el armiño (<i>Mustela erminea</i>). Gracias al proyecto FELIS (convenio entre la Asociación Filantrópica BOMOSA y el Gobierno de Andorra) se pudo demostrar en el año 2011, la presencia del gato montés (Felis <i>silvestris</i><i>), </i>especie en peligro de extinción según el Reglamento de especies animales protegidas de Andorra, catalogada en el Anexo II del Convenio de Berna e incluida en el Anexo IV de la Directiva 92/43/CEE como especie animal de interés comunitario que requiere una protección estricta.</p>
<h4>PLAN DE RECUPERACIÓN DE LA ALmizclera / desmán ibérico</h4>
<p>La almizclera (Galemys pyrenaicus) es un pequeño mamífero insectívoro acuático endémico del norte de la Península Ibérica y de la vertiente francesa de los Pirineos. Se encuentra en regresión en gran parte de su territorio debido a la pérdida de hábitat, la contaminación del agua, la presión humana, la depredación, el cambio climático y las infraestructuras hidroeléctricas. En Andorra está catalogada como especie en peligro de extinción.<br />
Para revertir esta situación, el Plan de Recuperación de la Almizclera, aprobado por el Gobierno de Andorra en mayo de 2024 (Decreto 229/2024, de 29/05/2024), prevé actuaciones durante seis años para estudiar la distribución y el estado de las poblaciones. El plan está impulsado por Ambiotec M&amp;S SLU y BIOSFERA Consultoría Medioambiental S.L.</p>
<p>Imágenes del primer muestreo realizado en el Valle del Madriu durante el año 2024.</p>
<p><img class="alignnone wp-image-43689 size-medium" src="https://www.madriu-perafita-claror.ad/wp-content/uploads/2025/06/WZVX4506-300x226.jpg" alt="" width="300" height="226" srcset="https://www.madriu-perafita-claror.ad/wp-content/uploads/2025/06/WZVX4506-300x226.jpg 300w, https://www.madriu-perafita-claror.ad/wp-content/uploads/2025/06/WZVX4506-1024x770.jpg 1024w, https://www.madriu-perafita-claror.ad/wp-content/uploads/2025/06/WZVX4506-768x578.jpg 768w, https://www.madriu-perafita-claror.ad/wp-content/uploads/2025/06/WZVX4506-600x451.jpg 600w, https://www.madriu-perafita-claror.ad/wp-content/uploads/2025/06/WZVX4506.jpg 1280w" sizes="(max-width: 300px) 100vw, 300px" /><img class="alignnone wp-image-43685 size-medium" src="https://www.madriu-perafita-claror.ad/wp-content/uploads/2025/06/IMG_1892-300x225.jpg" alt="" width="300" height="225" srcset="https://www.madriu-perafita-claror.ad/wp-content/uploads/2025/06/IMG_1892-300x225.jpg 300w, https://www.madriu-perafita-claror.ad/wp-content/uploads/2025/06/IMG_1892-1024x768.jpg 1024w, https://www.madriu-perafita-claror.ad/wp-content/uploads/2025/06/IMG_1892-768x576.jpg 768w, https://www.madriu-perafita-claror.ad/wp-content/uploads/2025/06/IMG_1892-1536x1152.jpg 1536w, https://www.madriu-perafita-claror.ad/wp-content/uploads/2025/06/IMG_1892-2048x1536.jpg 2048w, https://www.madriu-perafita-claror.ad/wp-content/uploads/2025/06/IMG_1892-600x450.jpg 600w" sizes="(max-width: 300px) 100vw, 300px" /></p>
<p>&nbsp;</p>
<h3>Invertebrados</h3>
<p class="western" style="margin-bottom: .0001pt; text-align: justify;">El valle también goza de una gran riqueza de invertebrados, entre los cuales más de 114 especies de mariposas diurnas (algunas en la lista roja del IUCN), gran variedad de insectos, invertebrados acuáticos, fauna de suelo u hormigas (70% de las especies censadas en el Pirineo están presentes en el valle).</p>
<p>El valle del Madriu-Perafita-Claror forma parte del proyecto de seguimiento de las poblaciones de mariposas Butterfly Monitoring Scheme d’Andorra <a href="https://www.iea.ad/bmsand">(BMSAnd</a>) desde 2015.[/vc_column_text][/vc_column][/vc_row]</p>
</div>

<p>[vc_row][vc_column][vc_separator][vc_single_image image=»34471&#8243; img_size=»full»][/vc_column][/vc_row][vc_row][vc_column][vc_column_text css=»»] FAUNA [/vc_column_text][vc_column_text css=»»] Gracias a la gran variedad de microclimas y hábitats del valle, en el&#8230;</p>
