{"id":38248,"date":"2020-04-15T08:10:18","date_gmt":"2020-04-15T07:10:18","guid":{"rendered":"https:\/\/www.madriu-perafita-claror.ad\/?page_id=38248"},"modified":"2024-07-18T15:25:06","modified_gmt":"2024-07-18T14:25:06","slug":"generalitades","status":"publish","type":"page","link":"https:\/\/www.madriu-perafita-claror.ad\/es\/generalitades\/","title":{"rendered":"Generalitades"},"content":{"rendered":"<div class=\"wpb-content-wrapper\"><p>[vc_row][vc_column][vc_separator][vc_single_image image=\u00bb34462&#8243; img_size=\u00bbfull\u00bb][\/vc_column][\/vc_row][vc_row][vc_column][vc_column_text css=\u00bb\u00bb]<\/p>\n<h2>EL vallE del madriu-perafita-claror: PATRIMONIO DE LA HUMANIDAD<\/h2>\n<p>[\/vc_column_text][vc_column_text]<\/p>\n<div class=\"wpb_text_column wpb_content_element \">\n<div class=\"wpb_wrapper\">\n<p>El valle del Madriu-Perafita-Claror fue declarado patrimonio de la humanidad por la UNESCO en 2004 atendiendo a su valor paisaj\u00edstico. La preservaci\u00f3n de un valle mayor en su totalidad es un hecho ins\u00f3lito, y el \u00fanico caso que se ha dado en los Pirineos.<\/p>\n<p>Est\u00e1 situado al sudeste de Andorra y ocupa una superficie de\u00a0<strong>4.247 ha<\/strong>. Este territorio coincide con la cuenca hidrogr\u00e1fica del r\u00edo Madriu,\u00a0<strong>representa cerca de un 10% de la superficie de Andorra<\/strong>, y se reparte entre terrenos de las parroquias de Encamp, Andorra la Vella, Sant Juli\u00e0 de L\u00f2ria y Escaldes-Engordany.En el entorno de este espacio se ha definido una zona perif\u00e9rica de protecci\u00f3n que tiene una superficie de<strong>\u00a04.092 ha.<\/strong><\/p>\n<p>La suma de las superficies de la zona central m\u00e1s la zona perif\u00e9rica\u00a0<strong>representa casi una quinta parte del territorio andorrano.<\/strong><\/p>\n<p>La\u00a0<strong>propiedad<\/strong>\u00a0de la tierra del valle del Madriu-Perafita-Claror es comunal aproximadamente en un 99% de su superficie. El resto, alrededor de un 1%, pertenece a casi una treintena de propietarios particulares, y cubre poco m\u00e1s de 42 ha. de terreno de fondo de valle, situado a la parroquia de Escaldes-Engordany.<\/p>\n<\/div>\n<\/div>\n<div class=\"vc_separator wpb_content_element vc_separator_align_center vc_sep_width_100 vc_sep_pos_align_center vc_separator_no_text vc_sep_color_grey\"><\/div>\n<p>[\/vc_column_text][vc_separator][\/vc_column][\/vc_row][vc_row][vc_column]<div   class=\"gem-quote gem-quote-style-4 \" ><blockquote  ><strong>Punto m\u00e1s alto:<\/strong> 2.905m, Pico de la Portelleta<\/p>\n<p><strong>Punto m\u00e1s bajo:<\/strong> 1.056m, Puente de la Tosca<\/p>\n<p>12 km de largo<\/p>\n<p>Orientaci\u00f3n Este-Oeste<\/blockquote><\/div>[\/vc_column][\/vc_row][vc_row][vc_column][vc_column_text]Los visitantes del valle podr\u00e1n disfrutar durante su visita de una gran cantidad de picos, m\u00e1s de una treintena de lagos, destacando el segundo lago m\u00e1s grande del pa\u00eds, el de la Illa, o de la presencia del 70% de las especies faun\u00edsticas catalogadas en Andorra y del 40% de los h\u00e1bitats del pa\u00eds. Estos son s\u00f3lo algunos de los atractivos naturales que se a\u00f1aden al patrimonio cultural del valle que la UNESCO reconoci\u00f3 como excepcional &#8230;[\/vc_column_text][\/vc_column][\/vc_row][vc_row][vc_column][vc_single_image image=\u00bb38258&#8243; img_size=\u00bblarge\u00bb alignment=\u00bbcenter\u00bb onclick=\u00bbzoom\u00bb][\/vc_column][\/vc_row]<\/p>\n<\/div>","protected":false},"excerpt":{"rendered":"<p>[vc_row][vc_column][vc_separator][vc_single_image image=\u00bb34462&#8243; img_size=\u00bbfull\u00bb][\/vc_column][\/vc_row][vc_row][vc_column][vc_column_text css=\u00bb\u00bb] EL vallE del madriu-perafita-claror: PATRIMONIO DE LA HUMANIDAD [\/vc_column_text][vc_column_text] El valle del Madriu-Perafita-Claror fue declarado patrimonio&#8230;<\/p>\n","protected":false},"author":2,"featured_media":0,"parent":0,"menu_order":0,"comment_status":"closed","ping_status":"closed","template":"","meta":{"_acf_changed":false,"footnotes":""},"class_list":["post-38248","page","type-page","status-publish"],"acf":[],"_links":{"self":[{"href":"https:\/\/www.madriu-perafita-claror.ad\/es\/wp-json\/wp\/v2\/pages\/38248","targetHints":{"allow":["GET"]}}],"collection":[{"href":"https:\/\/www.madriu-perafita-claror.ad\/es\/wp-json\/wp\/v2\/pages"}],"about":[{"href":"https:\/\/www.madriu-perafita-claror.ad\/es\/wp-json\/wp\/v2\/types\/page"}],"author":[{"embeddable":true,"href":"https:\/\/www.madriu-perafita-claror.ad\/es\/wp-json\/wp\/v2\/users\/2"}],"replies":[{"embeddable":true,"href":"https:\/\/www.madriu-perafita-claror.ad\/es\/wp-json\/wp\/v2\/comments?post=38248"}],"version-history":[{"count":0,"href":"https:\/\/www.madriu-perafita-claror.ad\/es\/wp-json\/wp\/v2\/pages\/38248\/revisions"}],"wp:attachment":[{"href":"https:\/\/www.madriu-perafita-claror.ad\/es\/wp-json\/wp\/v2\/media?parent=38248"}],"curies":[{"name":"wp","href":"https:\/\/api.w.org\/{rel}","templated":true}]}}

<div class="wpb-content-wrapper"><p>[vc_row][vc_column][vc_separator][vc_single_image image=»34462&#8243; img_size=»full»][/vc_column][/vc_row][vc_row][vc_column][vc_column_text css=»»]</p>
<h2>EL vallE del madriu-perafita-claror: PATRIMONIO DE LA HUMANIDAD</h2>
<p>[/vc_column_text][vc_column_text]</p>
<div class="wpb_text_column wpb_content_element ">
<div class="wpb_wrapper">
<p>El valle del Madriu-Perafita-Claror fue declarado patrimonio de la humanidad por la UNESCO en 2004 atendiendo a su valor paisajístico. La preservación de un valle mayor en su totalidad es un hecho insólito, y el único caso que se ha dado en los Pirineos.</p>
<p>Está situado al sudeste de Andorra y ocupa una superficie de <strong>4.247 ha</strong>. Este territorio coincide con la cuenca hidrográfica del río Madriu, <strong>representa cerca de un 10% de la superficie de Andorra</strong>, y se reparte entre terrenos de las parroquias de Encamp, Andorra la Vella, Sant Julià de Lòria y Escaldes-Engordany.En el entorno de este espacio se ha definido una zona periférica de protección que tiene una superficie de<strong> 4.092 ha.</strong></p>
<p>La suma de las superficies de la zona central más la zona periférica <strong>representa casi una quinta parte del territorio andorrano.</strong></p>
<p>La <strong>propiedad</strong> de la tierra del valle del Madriu-Perafita-Claror es comunal aproximadamente en un 99% de su superficie. El resto, alrededor de un 1%, pertenece a casi una treintena de propietarios particulares, y cubre poco más de 42 ha. de terreno de fondo de valle, situado a la parroquia de Escaldes-Engordany.</p>
</div>
</div>
<div class="vc_separator wpb_content_element vc_separator_align_center vc_sep_width_100 vc_sep_pos_align_center vc_separator_no_text vc_sep_color_grey"></div>
<p>[/vc_column_text][vc_separator][/vc_column][/vc_row][vc_row][vc_column]<div   class="gem-quote gem-quote-style-4 " ><blockquote  ><strong>Punto más alto:</strong> 2.905m, Pico de la Portelleta</p>
<p><strong>Punto más bajo:</strong> 1.056m, Puente de la Tosca</p>
<p>12 km de largo</p>
<p>Orientación Este-Oeste</blockquote></div>[/vc_column][/vc_row][vc_row][vc_column][vc_column_text]Los visitantes del valle podrán disfrutar durante su visita de una gran cantidad de picos, más de una treintena de lagos, destacando el segundo lago más grande del país, el de la Illa, o de la presencia del 70% de las especies faunísticas catalogadas en Andorra y del 40% de los hábitats del país. Estos son sólo algunos de los atractivos naturales que se añaden al patrimonio cultural del valle que la UNESCO reconoció como excepcional &#8230;[/vc_column_text][/vc_column][/vc_row][vc_row][vc_column][vc_single_image image=»38258&#8243; img_size=»large» alignment=»center» onclick=»zoom»][/vc_column][/vc_row]</p>
</div>
