{"id":34917,"date":"2019-07-03T12:54:50","date_gmt":"2019-07-03T11:54:50","guid":{"rendered":"https:\/\/www.madriu-perafita-claror.ad\/itinerari-biodiversitat"},"modified":"2024-07-18T15:44:56","modified_gmt":"2024-07-18T14:44:56","slug":"itineraire-de-biodiversite","status":"publish","type":"page","link":"https:\/\/www.madriu-perafita-claror.ad\/fr\/itineraire-de-biodiversite\/","title":{"rendered":"Itin\u00e9raire de Biodiversit\u00e9"},"content":{"rendered":"<div class=\"wpb-content-wrapper\"><p>[vc_row][vc_column][vc_separator][vc_single_image image=\u00a0\u00bb34440&Prime; img_size=\u00a0\u00bbfull\u00a0\u00bb][\/vc_column][\/vc_row][vc_row][vc_column][vc_column_text css=\u00a0\u00bb\u00a0\u00bb]<\/p>\n<h2>ITIN\u00c9RAIRE DE BIODIVERSIT\u00c9<\/h2>\n<p>[\/vc_column_text][vc_column_text]\u00c0 l&rsquo;occasion de la c\u00e9l\u00e9bration de la Journ\u00e9e mondiale de la diversit\u00e9 biologique et du 25\u00e8me anniversaire de l&rsquo;entr\u00e9e en vigueur de la Convention sur la diversit\u00e9 biologique (CDB), le 22 mai 2018\u00a0les trois espaces prot\u00e9g\u00e9s de la Principaut\u00e9 avons pr\u00e9sent\u00e9 trois itin\u00e9raires de la biodiversit\u00e9, encadr\u00e9s dans les activit\u00e9s propos\u00e9es par le Minist\u00e8re de l&rsquo;Environnement et du D\u00e9veloppement Durable afin de garantir la conservation et l&rsquo;utilisation durable de la biodiversit\u00e9 en Principaut\u00e9.<\/p>\n<p>La vall\u00e9e du Madriu-Perafita-Claror propose un itin\u00e9raire court et facile qui relie la cabane des Estany et le refuge gard\u00e9 de l&rsquo;Illa, en suivant le sentier GRP-GR11 qui traverse diverses zones humides, prairies et communaut\u00e9s d&rsquo;arbustes, abri d&rsquo;une grande vari\u00e9t\u00e9 d&rsquo;esp\u00e8ces de la flore et de la faune, bien adapt\u00e9es aux conditions environnementales exigeantes de la haute montagne.<\/p>\n<p><a href=\"https:\/\/es.wikiloc.com\/rutas-senderismo\/itinerari-de-la-biodiversitat-23941972\"><img class=\"alignnone wp-image-31768 size-full\" src=\"https:\/\/www.madriu-perafita-claror.ad\/wp-content\/uploads\/2019\/07\/Itinerari-de-la-Biodiversitat.jpg\" alt=\"\" width=\"1400\" height=\"747\" srcset=\"https:\/\/www.madriu-perafita-claror.ad\/wp-content\/uploads\/2019\/07\/Itinerari-de-la-Biodiversitat.jpg 1400w, https:\/\/www.madriu-perafita-claror.ad\/wp-content\/uploads\/2019\/07\/Itinerari-de-la-Biodiversitat-600x320.jpg 600w\" sizes=\"(max-width: 1400px) 100vw, 1400px\" \/><\/a>[\/vc_column_text][vc_message]Vous trouverez toutes les informations en cliquant <a href=\"https:\/\/www.madriu-perafita-claror.ad\/wp-content\/uploads\/2020\/05\/Itinerari_Biodiversitat_VMPC.pdf\">ici<\/a>.[\/vc_message][\/vc_column][\/vc_row]<\/p>\n<\/div>","protected":false},"excerpt":{"rendered":"<p>[vc_row][vc_column][vc_separator][vc_single_image image=\u00a0\u00bb34440&Prime; img_size=\u00a0\u00bbfull\u00a0\u00bb][\/vc_column][\/vc_row][vc_row][vc_column][vc_column_text css=\u00a0\u00bb\u00a0\u00bb] ITIN\u00c9RAIRE DE BIODIVERSIT\u00c9 [\/vc_column_text][vc_column_text]\u00c0 l&rsquo;occasion de la c\u00e9l\u00e9bration de la Journ\u00e9e mondiale de la diversit\u00e9 biologique&#8230;<\/p>\n","protected":false},"author":1,"featured_media":0,"parent":0,"menu_order":0,"comment_status":"closed","ping_status":"closed","template":"","meta":{"_acf_changed":false,"footnotes":""},"class_list":["post-34917","page","type-page","status-publish"],"acf":[],"_links":{"self":[{"href":"https:\/\/www.madriu-perafita-claror.ad\/fr\/wp-json\/wp\/v2\/pages\/34917","targetHints":{"allow":["GET"]}}],"collection":[{"href":"https:\/\/www.madriu-perafita-claror.ad\/fr\/wp-json\/wp\/v2\/pages"}],"about":[{"href":"https:\/\/www.madriu-perafita-claror.ad\/fr\/wp-json\/wp\/v2\/types\/page"}],"author":[{"embeddable":true,"href":"https:\/\/www.madriu-perafita-claror.ad\/fr\/wp-json\/wp\/v2\/users\/1"}],"replies":[{"embeddable":true,"href":"https:\/\/www.madriu-perafita-claror.ad\/fr\/wp-json\/wp\/v2\/comments?post=34917"}],"version-history":[{"count":0,"href":"https:\/\/www.madriu-perafita-claror.ad\/fr\/wp-json\/wp\/v2\/pages\/34917\/revisions"}],"wp:attachment":[{"href":"https:\/\/www.madriu-perafita-claror.ad\/fr\/wp-json\/wp\/v2\/media?parent=34917"}],"curies":[{"name":"wp","href":"https:\/\/api.w.org\/{rel}","templated":true}]}}

Itinéraire de Biodiversité

<div class="wpb-content-wrapper"><p>[vc_row][vc_column][vc_separator][vc_single_image image= »34440&Prime; img_size= »full »][/vc_column][/vc_row][vc_row][vc_column][vc_column_text css= » »]</p>
<h2>ITINÉRAIRE DE BIODIVERSITÉ</h2>
<p>[/vc_column_text][vc_column_text]À l&rsquo;occasion de la célébration de la Journée mondiale de la diversité biologique et du 25ème anniversaire de l&rsquo;entrée en vigueur de la Convention sur la diversité biologique (CDB), le 22 mai 2018 les trois espaces protégés de la Principauté avons présenté trois itinéraires de la biodiversité, encadrés dans les activités proposées par le Ministère de l&rsquo;Environnement et du Développement Durable afin de garantir la conservation et l&rsquo;utilisation durable de la biodiversité en Principauté.</p>
<p>La vallée du Madriu-Perafita-Claror propose un itinéraire court et facile qui relie la cabane des Estany et le refuge gardé de l&rsquo;Illa, en suivant le sentier GRP-GR11 qui traverse diverses zones humides, prairies et communautés d&rsquo;arbustes, abri d&rsquo;une grande variété d&rsquo;espèces de la flore et de la faune, bien adaptées aux conditions environnementales exigeantes de la haute montagne.</p>
<p><a href="https://es.wikiloc.com/rutas-senderismo/itinerari-de-la-biodiversitat-23941972"><img class="alignnone wp-image-31768 size-full" src="https://www.madriu-perafita-claror.ad/wp-content/uploads/2019/07/Itinerari-de-la-Biodiversitat.jpg" alt="" width="1400" height="747" srcset="https://www.madriu-perafita-claror.ad/wp-content/uploads/2019/07/Itinerari-de-la-Biodiversitat.jpg 1400w, https://www.madriu-perafita-claror.ad/wp-content/uploads/2019/07/Itinerari-de-la-Biodiversitat-600x320.jpg 600w" sizes="(max-width: 1400px) 100vw, 1400px" /></a>[/vc_column_text][vc_message]Vous trouverez toutes les informations en cliquant <a href="https://www.madriu-perafita-claror.ad/wp-content/uploads/2020/05/Itinerari_Biodiversitat_VMPC.pdf">ici</a>.[/vc_message][/vc_column][/vc_row]</p>
</div>

<p>[vc_row][vc_column][vc_separator][vc_single_image image= »34440&Prime; img_size= »full »][/vc_column][/vc_row][vc_row][vc_column][vc_column_text css= » »] ITINÉRAIRE DE BIODIVERSITÉ [/vc_column_text][vc_column_text]À l&rsquo;occasion de la célébration de la Journée mondiale de la diversité biologique&#8230;</p>
