{"id":35005,"date":"2019-04-14T00:47:12","date_gmt":"2019-04-13T23:47:12","guid":{"rendered":"https:\/\/www.madriu-perafita-claror.ad\/normes-basiques-i-consells"},"modified":"2024-07-10T14:41:41","modified_gmt":"2024-07-10T13:41:41","slug":"regles-de-base-et-conseils","status":"publish","type":"page","link":"https:\/\/www.madriu-perafita-claror.ad\/fr\/regles-de-base-et-conseils\/","title":{"rendered":"R\u00e8gles de base et conseils"},"content":{"rendered":"<div class=\"wpb-content-wrapper\"><p>[vc_row][vc_column][vc_separator][vc_single_image image=\u00a0\u00bb34818&Prime; img_size=\u00a0\u00bbfull\u00a0\u00bb][\/vc_column][\/vc_row][vc_row][vc_column][vc_column_text css=\u00a0\u00bb\u00a0\u00bb]<\/p>\n<h2>r\u00e8gles de base et conseils<\/h2>\n<p>[\/vc_column_text][vc_column_text]<\/p>\n<ul>\n<li>L&rsquo;acc\u00e8s aux v\u00e9hicules motoris\u00e9s \/ \u00e0 roues est interdit<\/li>\n<li>Une autorisation du Com\u00fa est n\u00e9cessaire pour le camping. \u00c0 Andorre-la-Vieille et Escaldes Engordany, l&rsquo;autorisation n&rsquo;est n\u00e9cessaire que s&rsquo;il y a plus de 3 tentes pour 2 nuits. A Sant Juli\u00e0 de L\u00f2ria, vous ne pouvez camper en aucun cas.<\/li>\n<li>Il est possible d&rsquo;allumer un feu de camp en respectant les mesures sp\u00e9cifiques du <a href=\"https:\/\/www.bopa.ad\/bopa\/028048\/Pagines\/GR20160818_12_36_48.aspx\">R\u00e9glementation r\u00e9glementaire de feu allum\u00e9<\/a>. Pour les autres cas d&rsquo;allumage de feux, il est n\u00e9cessaire d&rsquo;informer le Com\u00fa concern\u00e9.<\/li>\n<li>La chasse et la p\u00eache sont autoris\u00e9es dans la vall\u00e9e, toujours avec une licence \/ permission et conform\u00e9ment \u00e0 ce que la loi \u00e9tablit. Entre les mois de septembre et f\u00e9vrier, ne quittez pas les sentiers balis\u00e9s et portez des v\u00eatements aux couleurs vives.<\/li>\n<li>La vall\u00e9e a un vaste r\u00e9seau de sentiers de randonn\u00e9e. \u00c9vitez de sortir des sentiers balis\u00e9s pour \u00e9viter d&rsquo;endommager les \u00e9cosyst\u00e8mes de la vall\u00e9e.<\/li>\n<li>Une partie du territoire de la vall\u00e9e est priv\u00e9. Respectez-le.<\/li>\n<li><span id=\"result_box\" class=\"\" lang=\"fr\"><strong>Respectez le b\u00e9tail<\/strong> qui pa\u00eet \u00e0 la montagne. <span class=\"\">Ne le d\u00e9rangez pas, et si vous avez un chien, tenez-le en laisse et contr\u00f4l\u00e9.<\/span><\/span><\/li>\n<\/ul>\n<p>[\/vc_column_text]<div class=\"gem-table gem-table-responsive gem-table-style-1\"><p><strong>Num\u00e9ros de t\u00e9l\u00e9phone d&rsquo;int\u00e9r\u00eat:<\/strong><\/p>\n<table style=\"width: 50%;\">\n<thead><\/thead>\n<tbody>\n<tr>\n<td style=\"width: 6.45764%; text-align: center;\">Police<\/td>\n<td style=\"width: 16.1268%; text-align: center;\">110<\/td>\n<\/tr>\n<tr>\n<td style=\"width: 6.45764%; text-align: center;\">Pompiers\/Ambulance<\/td>\n<td style=\"width: 16.1268%; text-align: center;\">118<\/td>\n<\/tr>\n<tr>\n<td style=\"width: 6.45764%; text-align: center;\">Service M\u00e9dical Urgent<\/td>\n<td style=\"width: 16.1268%; text-align: center;\">116<\/td>\n<\/tr>\n<tr>\n<td style=\"width: 6.45764%; text-align: center;\">Sauvetage en montagne<\/td>\n<td style=\"width: 16.1268%; text-align: center;\">112<\/td>\n<\/tr>\n<tr>\n<td style=\"width: 6.45764%; text-align: center;\">Agent forestier<\/td>\n<td style=\"width: 16.1268%; text-align: center;\">148<\/td>\n<\/tr>\n<\/tbody>\n<\/table>\n<\/div>[vc_message]T\u00e9lecharger \u00ab\u00a0Manuel de coexistence du tourisme et de l&rsquo;\u00e9levage en montagne\u00a0\u00bb <a href=\"https:\/\/www.govern.ad\/agricultura\/item\/download\/795_03999181dcb0810d9e287657cacb647e\">ic\u00ed<\/a>.[\/vc_message][\/vc_column][\/vc_row]<\/p>\n<\/div>","protected":false},"excerpt":{"rendered":"<p>[vc_row][vc_column][vc_separator][vc_single_image image=\u00a0\u00bb34818&Prime; img_size=\u00a0\u00bbfull\u00a0\u00bb][\/vc_column][\/vc_row][vc_row][vc_column][vc_column_text css=\u00a0\u00bb\u00a0\u00bb] r\u00e8gles de base et conseils [\/vc_column_text][vc_column_text] L&rsquo;acc\u00e8s aux v\u00e9hicules motoris\u00e9s \/ \u00e0 roues est interdit Une&#8230;<\/p>\n","protected":false},"author":1,"featured_media":0,"parent":0,"menu_order":0,"comment_status":"closed","ping_status":"closed","template":"","meta":{"_acf_changed":false,"footnotes":""},"class_list":["post-35005","page","type-page","status-publish"],"acf":[],"_links":{"self":[{"href":"https:\/\/www.madriu-perafita-claror.ad\/fr\/wp-json\/wp\/v2\/pages\/35005","targetHints":{"allow":["GET"]}}],"collection":[{"href":"https:\/\/www.madriu-perafita-claror.ad\/fr\/wp-json\/wp\/v2\/pages"}],"about":[{"href":"https:\/\/www.madriu-perafita-claror.ad\/fr\/wp-json\/wp\/v2\/types\/page"}],"author":[{"embeddable":true,"href":"https:\/\/www.madriu-perafita-claror.ad\/fr\/wp-json\/wp\/v2\/users\/1"}],"replies":[{"embeddable":true,"href":"https:\/\/www.madriu-perafita-claror.ad\/fr\/wp-json\/wp\/v2\/comments?post=35005"}],"version-history":[{"count":0,"href":"https:\/\/www.madriu-perafita-claror.ad\/fr\/wp-json\/wp\/v2\/pages\/35005\/revisions"}],"wp:attachment":[{"href":"https:\/\/www.madriu-perafita-claror.ad\/fr\/wp-json\/wp\/v2\/media?parent=35005"}],"curies":[{"name":"wp","href":"https:\/\/api.w.org\/{rel}","templated":true}]}}

Règles de base et conseils

<div class="wpb-content-wrapper"><p>[vc_row][vc_column][vc_separator][vc_single_image image= »34818&Prime; img_size= »full »][/vc_column][/vc_row][vc_row][vc_column][vc_column_text css= » »]</p>
<h2>règles de base et conseils</h2>
<p>[/vc_column_text][vc_column_text]</p>
<ul>
<li>L&rsquo;accès aux véhicules motorisés / à roues est interdit</li>
<li>Une autorisation du Comú est nécessaire pour le camping. À Andorre-la-Vieille et Escaldes Engordany, l&rsquo;autorisation n&rsquo;est nécessaire que s&rsquo;il y a plus de 3 tentes pour 2 nuits. A Sant Julià de Lòria, vous ne pouvez camper en aucun cas.</li>
<li>Il est possible d&rsquo;allumer un feu de camp en respectant les mesures spécifiques du <a href="https://www.bopa.ad/bopa/028048/Pagines/GR20160818_12_36_48.aspx">Réglementation réglementaire de feu allumé</a>. Pour les autres cas d&rsquo;allumage de feux, il est nécessaire d&rsquo;informer le Comú concerné.</li>
<li>La chasse et la pêche sont autorisées dans la vallée, toujours avec une licence / permission et conformément à ce que la loi établit. Entre les mois de septembre et février, ne quittez pas les sentiers balisés et portez des vêtements aux couleurs vives.</li>
<li>La vallée a un vaste réseau de sentiers de randonnée. Évitez de sortir des sentiers balisés pour éviter d&rsquo;endommager les écosystèmes de la vallée.</li>
<li>Une partie du territoire de la vallée est privé. Respectez-le.</li>
<li><span id="result_box" class="" lang="fr"><strong>Respectez le bétail</strong> qui paît à la montagne. <span class="">Ne le dérangez pas, et si vous avez un chien, tenez-le en laisse et contrôlé.</span></span></li>
</ul>
<p>[/vc_column_text]<div class="gem-table gem-table-responsive gem-table-style-1"><p><strong>Numéros de téléphone d&rsquo;intérêt:</strong></p>
<table style="width: 50%;">
<thead></thead>
<tbody>
<tr>
<td style="width: 6.45764%; text-align: center;">Police</td>
<td style="width: 16.1268%; text-align: center;">110</td>
</tr>
<tr>
<td style="width: 6.45764%; text-align: center;">Pompiers/Ambulance</td>
<td style="width: 16.1268%; text-align: center;">118</td>
</tr>
<tr>
<td style="width: 6.45764%; text-align: center;">Service Médical Urgent</td>
<td style="width: 16.1268%; text-align: center;">116</td>
</tr>
<tr>
<td style="width: 6.45764%; text-align: center;">Sauvetage en montagne</td>
<td style="width: 16.1268%; text-align: center;">112</td>
</tr>
<tr>
<td style="width: 6.45764%; text-align: center;">Agent forestier</td>
<td style="width: 16.1268%; text-align: center;">148</td>
</tr>
</tbody>
</table>
</div>[vc_message]Télecharger « Manuel de coexistence du tourisme et de l&rsquo;élevage en montagne » <a href="https://www.govern.ad/agricultura/item/download/795_03999181dcb0810d9e287657cacb647e">icí</a>.[/vc_message][/vc_column][/vc_row]</p>
</div>

<p>[vc_row][vc_column][vc_separator][vc_single_image image= »34818&Prime; img_size= »full »][/vc_column][/vc_row][vc_row][vc_column][vc_column_text css= » »] règles de base et conseils [/vc_column_text][vc_column_text] L&rsquo;accès aux véhicules motorisés / à roues est interdit Une&#8230;</p>
