{"id":35171,"date":"2019-04-08T18:28:17","date_gmt":"2019-04-08T17:28:17","guid":{"rendered":"https:\/\/www.madriu-perafita-claror.ad\/itinerari-05"},"modified":"2024-02-26T08:37:45","modified_gmt":"2024-02-26T08:37:45","slug":"itineraire-05","status":"publish","type":"page","link":"https:\/\/www.madriu-perafita-claror.ad\/fr\/itineraire-05\/","title":{"rendered":"Itin\u00e9raire 05"},"content":{"rendered":"<div class=\"wpb-content-wrapper\"><p>[vc_row][vc_column][vc_column_text]<\/p>\n<h3 style=\"text-align: left;\"><img class=\"alignnone size-full wp-image-31558\" src=\"https:\/\/www.madriu-perafita-claror.ad\/wp-content\/uploads\/2019\/06\/Itinerari-5.jpg\" alt=\"\" width=\"1500\" height=\"480\" srcset=\"https:\/\/www.madriu-perafita-claror.ad\/wp-content\/uploads\/2019\/06\/Itinerari-5.jpg 1500w, https:\/\/www.madriu-perafita-claror.ad\/wp-content\/uploads\/2019\/06\/Itinerari-5-600x192.jpg 600w\" sizes=\"(max-width: 1500px) 100vw, 1500px\" \/><\/h3>\n<h3 style=\"text-align: left;\">ITINERAIRE 5: Prat Primer et Calm de Claror (circulaire)<\/h3>\n<p>[\/vc_column_text][\/vc_column][\/vc_row][vc_row][vc_column width=\u00a0\u00bb1\/2&Prime;][vc_column_text]<\/p>\n<h5 style=\"text-align: left;\"><img class=\"aligncenter wp-image-6588 size-full\" src=\"https:\/\/www.madriu-perafita-claror.ad\/wp-content\/uploads\/Perfil-itinerari-5.jpg\" alt=\"\" width=\"689\" height=\"346\" \/><\/h5>\n<h1 style=\"text-align: right;\"><\/h1>\n<p>[\/vc_column_text][\/vc_column][vc_column width=\u00a0\u00bb1\/2&Prime;][vc_column_text]<img class=\"aligncenter size-full wp-image-8511\" src=\"https:\/\/www.madriu-perafita-claror.ad\/wp-content\/uploads\/Itinerari-5-Wikiloc.jpg\" alt=\"\" width=\"847\" height=\"453\" \/><\/p>\n<p><a href=\"https:\/\/es.wikiloc.com\/rutas-senderismo\/prat-primer-i-calm-de-claror-circular-23512904\">Ici vous trouverez le trac\u00e9 approximatif, il n&rsquo;est pas pr\u00e9cis, rien n&rsquo;est plus pour doner una id\u00e9e du parcours<\/a>[\/vc_column_text][\/vc_column][\/vc_row][vc_row][vc_column][vc_column_text]<\/p>\n<h5 style=\"text-align: left;\"><strong>Difficult\u00e9: IV \/ <\/strong><strong style=\"letter-spacing: 0.05em;\">D\u00e9nivel\u00e9: 1.242 M<\/strong><\/h5>\n<p>Itin\u00e9raire avec un grand d\u00e9nivel\u00e9 et o\u00f9 il est donc n\u00e9cessaire une bonne condition physique.<\/p>\n<p><a href=\"https:\/\/www.google.ad\/maps\/@42.4990198,1.5305439,785m\/data=!3m1!1e3\">\u00a0La Comella\u00a0<\/a>\u00a0[Acc\u00e8s par la route de la Comella. Parking quelques m\u00e8tres apr\u00e8s l\u2019urbanisation \u00a0Coll de la Comella ] \/ Chemin de \u00a0Prat Primer \u00a0\/\u00a0<a href=\"https:\/\/www.google.ad\/maps\/@42.4726873,1.5500707,772a,20y,41.11t\/data=!3m1!1e3\">Refuge de \u00a0Prat Primer\u00a0<\/a>\u00a0\/ Chemin de la Collada de Prat Primer \u00a0\/\u00a0<a href=\"https:\/\/www.google.ad\/maps\/@42.467529,1.555076,746a,20y,41.08t\/data=!3m1!1e3\">\u00a0La Collada de Prat Primer\u00a0<\/a>\u00a0\/\u00a0<a href=\"https:\/\/www.google.ad\/maps\/@42.4590386,1.550909,1078a,20y,40.99t\/data=!3m1!1e3\">Plateau du \u00a0Calm de Claror\u00a0<\/a> \/ Chemin de l\u2019Avier \u00a0\/ Chemin des Esterragalls \u00a0\/ Chemin del Collet de la Trapella \u00a0\/ la Comella .[\/vc_column_text][\/vc_column][\/vc_row][vc_row][vc_column][vc_btn title=\u00a0\u00bbT\u00e9l\u00e9chargez l&rsquo;itin\u00e9raire ici (pdf)\u00a0\u00bb link=\u00a0\u00bburl:https%3A%2F%2Fwww.madriu-perafita-claror.ad%2Fwp-content%2Fuploads%2F2024%2F02%2FItinerari-5-fr.pdf|target:_blank\u00a0\u00bb][\/vc_column][\/vc_row]<\/p>\n<\/div>","protected":false},"excerpt":{"rendered":"<p>[vc_row][vc_column][vc_column_text] ITINERAIRE 5: Prat Primer et Calm de Claror (circulaire) [\/vc_column_text][\/vc_column][\/vc_row][vc_row][vc_column width=\u00a0\u00bb1\/2&Prime;][vc_column_text] [\/vc_column_text][\/vc_column][vc_column width=\u00a0\u00bb1\/2&Prime;][vc_column_text] Ici vous trouverez le trac\u00e9 approximatif,&#8230;<\/p>\n","protected":false},"author":1,"featured_media":0,"parent":0,"menu_order":0,"comment_status":"closed","ping_status":"closed","template":"","meta":{"_acf_changed":false,"footnotes":""},"class_list":["post-35171","page","type-page","status-publish"],"acf":[],"_links":{"self":[{"href":"https:\/\/www.madriu-perafita-claror.ad\/fr\/wp-json\/wp\/v2\/pages\/35171","targetHints":{"allow":["GET"]}}],"collection":[{"href":"https:\/\/www.madriu-perafita-claror.ad\/fr\/wp-json\/wp\/v2\/pages"}],"about":[{"href":"https:\/\/www.madriu-perafita-claror.ad\/fr\/wp-json\/wp\/v2\/types\/page"}],"author":[{"embeddable":true,"href":"https:\/\/www.madriu-perafita-claror.ad\/fr\/wp-json\/wp\/v2\/users\/1"}],"replies":[{"embeddable":true,"href":"https:\/\/www.madriu-perafita-claror.ad\/fr\/wp-json\/wp\/v2\/comments?post=35171"}],"version-history":[{"count":0,"href":"https:\/\/www.madriu-perafita-claror.ad\/fr\/wp-json\/wp\/v2\/pages\/35171\/revisions"}],"wp:attachment":[{"href":"https:\/\/www.madriu-perafita-claror.ad\/fr\/wp-json\/wp\/v2\/media?parent=35171"}],"curies":[{"name":"wp","href":"https:\/\/api.w.org\/{rel}","templated":true}]}}

Itinéraire 05

<div class="wpb-content-wrapper"><p>[vc_row][vc_column][vc_column_text]</p>
<h3 style="text-align: left;"><img class="alignnone size-full wp-image-31558" src="https://www.madriu-perafita-claror.ad/wp-content/uploads/2019/06/Itinerari-5.jpg" alt="" width="1500" height="480" srcset="https://www.madriu-perafita-claror.ad/wp-content/uploads/2019/06/Itinerari-5.jpg 1500w, https://www.madriu-perafita-claror.ad/wp-content/uploads/2019/06/Itinerari-5-600x192.jpg 600w" sizes="(max-width: 1500px) 100vw, 1500px" /></h3>
<h3 style="text-align: left;">ITINERAIRE 5: Prat Primer et Calm de Claror (circulaire)</h3>
<p>[/vc_column_text][/vc_column][/vc_row][vc_row][vc_column width= »1/2&Prime;][vc_column_text]</p>
<h5 style="text-align: left;"><img class="aligncenter wp-image-6588 size-full" src="https://www.madriu-perafita-claror.ad/wp-content/uploads/Perfil-itinerari-5.jpg" alt="" width="689" height="346" /></h5>
<h1 style="text-align: right;"></h1>
<p>[/vc_column_text][/vc_column][vc_column width= »1/2&Prime;][vc_column_text]<img class="aligncenter size-full wp-image-8511" src="https://www.madriu-perafita-claror.ad/wp-content/uploads/Itinerari-5-Wikiloc.jpg" alt="" width="847" height="453" /></p>
<p><a href="https://es.wikiloc.com/rutas-senderismo/prat-primer-i-calm-de-claror-circular-23512904">Ici vous trouverez le tracé approximatif, il n&rsquo;est pas précis, rien n&rsquo;est plus pour doner una idée du parcours</a>[/vc_column_text][/vc_column][/vc_row][vc_row][vc_column][vc_column_text]</p>
<h5 style="text-align: left;"><strong>Difficulté: IV / </strong><strong style="letter-spacing: 0.05em;">Dénivelé: 1.242 M</strong></h5>
<p>Itinéraire avec un grand dénivelé et où il est donc nécessaire une bonne condition physique.</p>
<p><a href="https://www.google.ad/maps/@42.4990198,1.5305439,785m/data=!3m1!1e3"> La Comella </a> [Accès par la route de la Comella. Parking quelques mètres après l’urbanisation  Coll de la Comella ] / Chemin de  Prat Primer  / <a href="https://www.google.ad/maps/@42.4726873,1.5500707,772a,20y,41.11t/data=!3m1!1e3">Refuge de  Prat Primer </a> / Chemin de la Collada de Prat Primer  / <a href="https://www.google.ad/maps/@42.467529,1.555076,746a,20y,41.08t/data=!3m1!1e3"> La Collada de Prat Primer </a> / <a href="https://www.google.ad/maps/@42.4590386,1.550909,1078a,20y,40.99t/data=!3m1!1e3">Plateau du  Calm de Claror </a> / Chemin de l’Avier  / Chemin des Esterragalls  / Chemin del Collet de la Trapella  / la Comella .[/vc_column_text][/vc_column][/vc_row][vc_row][vc_column][vc_btn title= »Téléchargez l&rsquo;itinéraire ici (pdf) » link= »url:https%3A%2F%2Fwww.madriu-perafita-claror.ad%2Fwp-content%2Fuploads%2F2024%2F02%2FItinerari-5-fr.pdf|target:_blank »][/vc_column][/vc_row]</p>
</div>

<p>[vc_row][vc_column][vc_column_text] ITINERAIRE 5: Prat Primer et Calm de Claror (circulaire) [/vc_column_text][/vc_column][/vc_row][vc_row][vc_column width= »1/2&Prime;][vc_column_text] [/vc_column_text][/vc_column][vc_column width= »1/2&Prime;][vc_column_text] Ici vous trouverez le tracé approximatif,&#8230;</p>
