{"id":38989,"date":"2022-03-07T13:02:51","date_gmt":"2022-03-07T13:02:51","guid":{"rendered":"https:\/\/www.madriu-perafita-claror.ad\/?page_id=38989"},"modified":"2024-07-17T10:16:28","modified_gmt":"2024-07-17T09:16:28","slug":"carte-des-especes","status":"publish","type":"page","link":"https:\/\/www.madriu-perafita-claror.ad\/fr\/carte-des-especes\/","title":{"rendered":"Carte des esp\u00e8ces animales"},"content":{"rendered":"<div class=\"wpb-content-wrapper\"><p>[vc_row][vc_column][vc_separator][vc_single_image image=\u00a0\u00bb43165&Prime; img_size=\u00a0\u00bbfull\u00a0\u00bb alignment=\u00a0\u00bbcenter\u00a0\u00bb css=\u00a0\u00bb\u00a0\u00bb][\/vc_column][\/vc_row][vc_row][vc_column][vc_column_text css=\u00a0\u00bb\u00a0\u00bb]<\/p>\n<h2>CARTE DES ESP\u00c8CES ANIMALES<\/h2>\n<p>[\/vc_column_text][vc_column_text]<!--:ca--><\/p>\n<h2><\/h2>\n<p>70% des esp\u00e8ces r\u00e9pertori\u00e9es en Andorre sont enregistr\u00e9es dans la vall\u00e9e. Souhaitez-vous en voir? T\u00e9l\u00e9chargez cette carte dans laquelle nous localisons diff\u00e9rents endroits pour l\u2019observation \u00e9ventuelle de la faune et il se peut qu\u2019avec un peu de chance et beaucoup de patience vous puissiez apercevoir un lammergeier, une perdrix blanche ou une musaraigne.<\/p>\n<p style=\"text-align: center;\"><a href=\"https:\/\/www.madriu-perafita-claror.ad\/wp-content\/uploads\/2020\/11\/MapaEspeciesVallMPC.pdf\"><img class=\"alignnone size-medium wp-image-39095\" src=\"https:\/\/www.madriu-perafita-claror.ad\/wp-content\/uploads\/2020\/11\/Porta-retalls-1-300x210.jpg\" alt=\"\" width=\"300\" height=\"210\" \/><\/a><\/p>\n<p><b><\/b><!--:-->[\/vc_column_text][\/vc_column][\/vc_row]<\/p>\n<\/div>","protected":false},"excerpt":{"rendered":"<p>[vc_row][vc_column][vc_separator][vc_single_image image=\u00a0\u00bb43165&Prime; img_size=\u00a0\u00bbfull\u00a0\u00bb alignment=\u00a0\u00bbcenter\u00a0\u00bb css=\u00a0\u00bb\u00a0\u00bb][\/vc_column][\/vc_row][vc_row][vc_column][vc_column_text css=\u00a0\u00bb\u00a0\u00bb] CARTE DES ESP\u00c8CES ANIMALES [\/vc_column_text][vc_column_text] 70% des esp\u00e8ces r\u00e9pertori\u00e9es en Andorre sont enregistr\u00e9es dans&#8230;<\/p>\n","protected":false},"author":5,"featured_media":0,"parent":0,"menu_order":0,"comment_status":"closed","ping_status":"closed","template":"","meta":{"_acf_changed":false,"footnotes":""},"class_list":["post-38989","page","type-page","status-publish"],"acf":[],"_links":{"self":[{"href":"https:\/\/www.madriu-perafita-claror.ad\/fr\/wp-json\/wp\/v2\/pages\/38989","targetHints":{"allow":["GET"]}}],"collection":[{"href":"https:\/\/www.madriu-perafita-claror.ad\/fr\/wp-json\/wp\/v2\/pages"}],"about":[{"href":"https:\/\/www.madriu-perafita-claror.ad\/fr\/wp-json\/wp\/v2\/types\/page"}],"author":[{"embeddable":true,"href":"https:\/\/www.madriu-perafita-claror.ad\/fr\/wp-json\/wp\/v2\/users\/5"}],"replies":[{"embeddable":true,"href":"https:\/\/www.madriu-perafita-claror.ad\/fr\/wp-json\/wp\/v2\/comments?post=38989"}],"version-history":[{"count":0,"href":"https:\/\/www.madriu-perafita-claror.ad\/fr\/wp-json\/wp\/v2\/pages\/38989\/revisions"}],"wp:attachment":[{"href":"https:\/\/www.madriu-perafita-claror.ad\/fr\/wp-json\/wp\/v2\/media?parent=38989"}],"curies":[{"name":"wp","href":"https:\/\/api.w.org\/{rel}","templated":true}]}}

Carte des espèces animales

<div class="wpb-content-wrapper"><p>[vc_row][vc_column][vc_separator][vc_single_image image= »43165&Prime; img_size= »full » alignment= »center » css= » »][/vc_column][/vc_row][vc_row][vc_column][vc_column_text css= » »]</p>
<h2>CARTE DES ESPÈCES ANIMALES</h2>
<p>[/vc_column_text][vc_column_text]<!--:ca--></p>
<h2></h2>
<p>70% des espèces répertoriées en Andorre sont enregistrées dans la vallée. Souhaitez-vous en voir? Téléchargez cette carte dans laquelle nous localisons différents endroits pour l’observation éventuelle de la faune et il se peut qu’avec un peu de chance et beaucoup de patience vous puissiez apercevoir un lammergeier, une perdrix blanche ou une musaraigne.</p>
<p style="text-align: center;"><a href="https://www.madriu-perafita-claror.ad/wp-content/uploads/2020/11/MapaEspeciesVallMPC.pdf"><img class="alignnone size-medium wp-image-39095" src="https://www.madriu-perafita-claror.ad/wp-content/uploads/2020/11/Porta-retalls-1-300x210.jpg" alt="" width="300" height="210" /></a></p>
<p><b></b><!--:-->[/vc_column_text][/vc_column][/vc_row]</p>
</div>

<p>[vc_row][vc_column][vc_separator][vc_single_image image= »43165&Prime; img_size= »full » alignment= »center » css= » »][/vc_column][/vc_row][vc_row][vc_column][vc_column_text css= » »] CARTE DES ESPÈCES ANIMALES [/vc_column_text][vc_column_text] 70% des espèces répertoriées en Andorre sont enregistrées dans&#8230;</p>
