{"id":40155,"date":"2022-06-08T11:10:41","date_gmt":"2022-06-08T10:10:41","guid":{"rendered":"https:\/\/www.madriu-perafita-claror.ad\/ruta-les-cabanes-del-madriu\/"},"modified":"2024-07-18T16:04:54","modified_gmt":"2024-07-18T15:04:54","slug":"route-les-cabanes-du-madriu","status":"publish","type":"page","link":"https:\/\/www.madriu-perafita-claror.ad\/fr\/route-les-cabanes-du-madriu\/","title":{"rendered":"Route \u00ab\u00a0Les cabanes du Madriu\u00a0\u00bb"},"content":{"rendered":"<div class=\"wpb-content-wrapper\"><p>[vc_row][vc_column][vc_separator][vc_single_image image=\u00a0\u00bb40134&Prime; img_size=\u00a0\u00bbfull\u00a0\u00bb][vc_column_text css=\u00a0\u00bb\u00a0\u00bb]<\/p>\n<h2>ROUTE LES CABANES DU MADRIU<\/h2>\n<p>La vall\u00e9e du Madriu-Perafita-Claror a \u00e9t\u00e9 d\u00e9clar\u00e9e site du patrimoine mondial de l&rsquo;UNESCO en tant que paysage culturel, c&rsquo;est-\u00e0-dire un espace naturel o\u00f9, tout au long de l&rsquo;histoire, l&rsquo;homme a fa\u00e7onn\u00e9 et adapt\u00e9 le paysage aux besoins.<\/p>\n<p>Avec cet itin\u00e9raire, qui dure environ 6 heures et 30 minutes, nous entrons dans l&rsquo;int\u00e9rieur de la vall\u00e9e, du Cam\u00ed dels Matxos, au Pla de l&rsquo;Ingla dans le but de visiter les cabanes qui jadis \u00e9taient utilis\u00e9es par les bergers qui apportaient leurs troupeaux vers la vall\u00e9e, des plus anciennes, en pierre s\u00e8che, \u00e0 celles construites au milieu du XXe si\u00e8cle. Il nous permettra \u00e9galement d&rsquo;aborder d&rsquo;autres activit\u00e9s humaines telles que l&rsquo;exploitation foresti\u00e8re, la sid\u00e9rurgie, l&rsquo;agriculture et l&rsquo;hydro\u00e9lectricit\u00e9.<\/p>\n<p><a href=\"https:\/\/es.wikiloc.com\/rutas-senderismo\/itinerari-de-les-cabanes-del-madriu-104896415\" target=\"_blank\" rel=\"noopener\"><img class=\"aligncenter wp-image-40129 size-full\" src=\"https:\/\/www.madriu-perafita-claror.ad\/wp-content\/uploads\/2022\/06\/Les-cabanes-del-Madriu-1.jpg\" alt=\"\" width=\"834\" height=\"459\" \/><\/a>[\/vc_column_text][vc_message]Plus d&rsquo;information <a href=\"https:\/\/www.madriu-perafita-claror.ad\/wp-content\/uploads\/2022\/06\/Itinerari-de-les-cabanes-del-Madriu.pdf\">ici<\/a>[\/vc_message][\/vc_column][\/vc_row][vc_row][vc_column][\/vc_column][\/vc_row]<\/p>\n<\/div>","protected":false},"excerpt":{"rendered":"<p>[vc_row][vc_column][vc_separator][vc_single_image image=\u00a0\u00bb40134&Prime; img_size=\u00a0\u00bbfull\u00a0\u00bb][vc_column_text css=\u00a0\u00bb\u00a0\u00bb] ROUTE LES CABANES DU MADRIU La vall\u00e9e du Madriu-Perafita-Claror a \u00e9t\u00e9 d\u00e9clar\u00e9e site du patrimoine mondial&#8230;<\/p>\n","protected":false},"author":5,"featured_media":0,"parent":0,"menu_order":0,"comment_status":"closed","ping_status":"closed","template":"","meta":{"_acf_changed":false,"footnotes":""},"class_list":["post-40155","page","type-page","status-publish"],"acf":[],"_links":{"self":[{"href":"https:\/\/www.madriu-perafita-claror.ad\/fr\/wp-json\/wp\/v2\/pages\/40155","targetHints":{"allow":["GET"]}}],"collection":[{"href":"https:\/\/www.madriu-perafita-claror.ad\/fr\/wp-json\/wp\/v2\/pages"}],"about":[{"href":"https:\/\/www.madriu-perafita-claror.ad\/fr\/wp-json\/wp\/v2\/types\/page"}],"author":[{"embeddable":true,"href":"https:\/\/www.madriu-perafita-claror.ad\/fr\/wp-json\/wp\/v2\/users\/5"}],"replies":[{"embeddable":true,"href":"https:\/\/www.madriu-perafita-claror.ad\/fr\/wp-json\/wp\/v2\/comments?post=40155"}],"version-history":[{"count":0,"href":"https:\/\/www.madriu-perafita-claror.ad\/fr\/wp-json\/wp\/v2\/pages\/40155\/revisions"}],"wp:attachment":[{"href":"https:\/\/www.madriu-perafita-claror.ad\/fr\/wp-json\/wp\/v2\/media?parent=40155"}],"curies":[{"name":"wp","href":"https:\/\/api.w.org\/{rel}","templated":true}]}}

<div class="wpb-content-wrapper"><p>[vc_row][vc_column][vc_separator][vc_single_image image= »40134&Prime; img_size= »full »][vc_column_text css= » »]</p>
<h2>ROUTE LES CABANES DU MADRIU</h2>
<p>La vallée du Madriu-Perafita-Claror a été déclarée site du patrimoine mondial de l&rsquo;UNESCO en tant que paysage culturel, c&rsquo;est-à-dire un espace naturel où, tout au long de l&rsquo;histoire, l&rsquo;homme a façonné et adapté le paysage aux besoins.</p>
<p>Avec cet itinéraire, qui dure environ 6 heures et 30 minutes, nous entrons dans l&rsquo;intérieur de la vallée, du Camí dels Matxos, au Pla de l&rsquo;Ingla dans le but de visiter les cabanes qui jadis étaient utilisées par les bergers qui apportaient leurs troupeaux vers la vallée, des plus anciennes, en pierre sèche, à celles construites au milieu du XXe siècle. Il nous permettra également d&rsquo;aborder d&rsquo;autres activités humaines telles que l&rsquo;exploitation forestière, la sidérurgie, l&rsquo;agriculture et l&rsquo;hydroélectricité.</p>
<p><a href="https://es.wikiloc.com/rutas-senderismo/itinerari-de-les-cabanes-del-madriu-104896415" target="_blank" rel="noopener"><img class="aligncenter wp-image-40129 size-full" src="https://www.madriu-perafita-claror.ad/wp-content/uploads/2022/06/Les-cabanes-del-Madriu-1.jpg" alt="" width="834" height="459" /></a>[/vc_column_text][vc_message]Plus d&rsquo;information <a href="https://www.madriu-perafita-claror.ad/wp-content/uploads/2022/06/Itinerari-de-les-cabanes-del-Madriu.pdf">ici</a>[/vc_message][/vc_column][/vc_row][vc_row][vc_column][/vc_column][/vc_row]</p>
</div>

<p>[vc_row][vc_column][vc_separator][vc_single_image image= »40134&Prime; img_size= »full »][vc_column_text css= » »] ROUTE LES CABANES DU MADRIU La vallée du Madriu-Perafita-Claror a été déclarée site du patrimoine mondial&#8230;</p>
